000
CDUS41 KRLX 062127
CLIEKN


CLIMATE REPORT
NATIONAL WEATHER SERVICE CHARLESTON WV
526 PM EDT WED MAY 6 2015


...................................

...THE ELKINS WV CLIMATE SUMMARY FOR MAY 6 2015...
VALID TODAY AS OF 0500 PM LOCAL TIME.

CLIMATE NORMAL PERIOD 1981 TO 2010
CLIMATE RECORD PERIOD 1899 TO 2015


WEATHER ITEM   OBSERVED TIME   RECORD YEAR NORMAL DEPARTURE LAST
                VALUE   (LST)  VALUE       VALUE  FROM      YEAR
                                                  NORMAL
..................................................................
TEMPERATURE (F)
 TODAY
  MAXIMUM         82    359 PM  88    1999  69     13       74
  MINIMUM         47    539 AM  25    1910  42      5       45
  AVERAGE         65                        55     10       60

PRECIPITATION (IN)
  TODAY            0.00          1.08 1961   0.16  -0.16      T
  MONTH TO DATE    0.33                      0.90  -0.57     0.11
  SINCE MAR 1     14.67                      8.66   6.01     5.24
  SINCE JAN 1     20.39                     14.99   5.40    11.50

DEGREE DAYS
 HEATING
  TODAY            0                        10    -10        5
  MONTH TO DATE   38                        63    -25       70
  SINCE MAR 1   1234                      1305    -71     1354
  SINCE JUL 1   5865                      5626    239     5877

 COOLING
  TODAY            0                         0      0        0
  MONTH TO DATE    0                         0      0        0
  SINCE MAR 1      3                         3      0        2
  SINCE JAN 1      3                         3      0        2
..................................................................


WIND (MPH)
  HIGHEST WIND SPEED    13   HIGHEST WIND DIRECTION    NW (330)
  HIGHEST GUST SPEED    17   HIGHEST GUST DIRECTION    NW (330)
  AVERAGE WIND SPEED     2.5


SKY COVER
  POSSIBLE SUNSHINE  MM
  AVERAGE SKY COVER 0.3


WEATHER CONDITIONS
 THE FOLLOWING WEATHER WAS RECORDED TODAY.
  FOG
  FOG W/VISIBILITY <= 1/4 MILE


RELATIVE HUMIDITY (PERCENT)
 HIGHEST    96           100 AM
 LOWEST     33           100 PM
 AVERAGE    65

..........................................................


THE ELKINS WV CLIMATE NORMALS FOR TOMORROW
                         NORMAL    RECORD    YEAR
 MAXIMUM TEMPERATURE (F)   69        85      1979
 MINIMUM TEMPERATURE (F)   43        20      1970


SUNRISE AND SUNSET
MAY  6 2015...........SUNRISE   616 AM EDT   SUNSET   816 PM EDT
MAY  7 2015...........SUNRISE   615 AM EDT   SUNSET   817 PM EDT


-  INDICATES NEGATIVE NUMBERS.
R  INDICATES RECORD WAS SET OR TIED.
MM INDICATES DATA IS MISSING.
T  INDICATES TRACE AMOUNT.




$$
