000
CDUS45 KLKN 250930
CLIELY


CLIMATE REPORT
NATIONAL WEATHER SERVICE ELKO NV
230 AM PDT SAT APR 25 2015


...................................

...THE ELY AIRPORT NV CLIMATE SUMMARY FOR APRIL 24 2015...

CLIMATE NORMAL PERIOD 1981 TO 2010
CLIMATE RECORD PERIOD 1893 TO 2015


WEATHER ITEM   OBSERVED TIME   RECORD YEAR NORMAL DEPARTURE LAST
                VALUE   (LST)  VALUE       VALUE  FROM      YEAR
                                                  NORMAL
..................................................................
TEMPERATURE (F)
 YESTERDAY
  MAXIMUM         53   1006 AM  77    1977  60     -7       67
  MINIMUM         33   1022 PM   4    1964  29      4       25
  AVERAGE         43                        44     -1       46

PRECIPITATION (IN)
  YESTERDAY        0.29          1.31 2005   0.03   0.26     0.00
  MONTH TO DATE    0.51                      0.74  -0.23     0.20
  SINCE OCT 1      2.56                      5.41  -2.85     5.03
  SINCE JAN 1      1.39                      3.12  -1.73     2.35

SNOWFALL (IN)
  YESTERDAY        0.0           5.0  1971   0.1   -0.1      0.0
  MONTH TO DATE    3.7                       4.3   -0.6      2.9
  SINCE MAR 1      8.7                      12.6   -3.9      7.3
  SINCE JUL 1     19.7                      47.5  -27.8     46.4
  SNOW DEPTH       0

DEGREE DAYS
 HEATING
  YESTERDAY       22                        20      2       19
  MONTH TO DATE  554                       560     -6      480
  SINCE MAR 1   1249                      1450   -201     1313
  SINCE JUL 1   5493                      6787  -1294     6332

 COOLING
  YESTERDAY        0                         0      0        0
  MONTH TO DATE    0                         0      0        0
  SINCE MAR 1      0                         0      0        0
  SINCE JAN 1      0                         0      0        0
..................................................................


WIND (MPH)
  HIGHEST WIND SPEED    29   HIGHEST WIND DIRECTION     S (190)
  HIGHEST GUST SPEED    37   HIGHEST GUST DIRECTION     S (170)
  AVERAGE WIND SPEED     7.0



WEATHER CONDITIONS
 THE FOLLOWING WEATHER WAS RECORDED YESTERDAY.
  THUNDERSTORM
  HEAVY RAIN
  RAIN
  LIGHT RAIN
  FOG
  HAZE


RELATIVE HUMIDITY (PERCENT)
 HIGHEST    92           700 PM
 LOWEST     45          1000 AM
 AVERAGE    69

..........................................................


THE ELY AIRPORT NV CLIMATE NORMALS FOR TODAY
                         NORMAL    RECORD    YEAR
 MAXIMUM TEMPERATURE (F)   61        77      1987
                                             1898
 MINIMUM TEMPERATURE (F)   29        10      1960


SUNRISE AND SUNSET
APRIL 25 2015.........SUNRISE   549 AM PDT   SUNSET   727 PM PDT
APRIL 26 2015.........SUNRISE   547 AM PDT   SUNSET   728 PM PDT


-  INDICATES NEGATIVE NUMBERS.
R  INDICATES RECORD WAS SET OR TIED.
MM INDICATES DATA IS MISSING.
T  INDICATES TRACE AMOUNT.




$$
