000
CDUS43 KTOP 020630
CLIEMP


CLIMATE REPORT
NATIONAL WEATHER SERVICE TOPEKA KS
130 AM CDT THU APR 2 2015


...................................

...THE EMPORIA KS CLIMATE SUMMARY FOR APRIL 1 2015...

CLIMATE NORMAL PERIOD 1981 TO 2010
CLIMATE RECORD PERIOD 9999 TO 9999


WEATHER ITEM   OBSERVED NORMAL DEPARTURE LAST
                VALUE   VALUE  FROM      YEAR
                               NORMAL
...............................................
TEMPERATURE (F)
 YESTERDAY
  MAXIMUM         81     64     17       54
  MINIMUM         50     39     11       27
  AVERAGE         66     51     15       41

PRECIPITATION (IN)
  YESTERDAY        0.00   0.06  -0.06     0.00
  MONTH TO DATE    0.00   0.06  -0.06     0.00
  SINCE MAR 1      0.58   2.59  -2.01     0.41
  SINCE JAN 1      1.98   4.45  -2.47     0.90

DEGREE DAYS
 HEATING
  YESTERDAY        0     14    -14       24
  MONTH TO DATE    0     14    -14       24
  SINCE MAR 1    531    624    -93      763
  SINCE JUL 1   4532   4446     86     5088

 COOLING
  YESTERDAY        1      0      1        0
  MONTH TO DATE    1      0      1        0
  SINCE MAR 1      2      2      0        0
  SINCE JAN 1      2      2      0        0
...............................................


WIND (MPH)
  HIGHEST WIND SPEED    29   HIGHEST WIND DIRECTION     S (180)
  HIGHEST GUST SPEED    40   HIGHEST GUST DIRECTION     S (170)
  AVERAGE WIND SPEED    15.7


SKY COVER
  AVERAGE SKY COVER 0.0


WEATHER CONDITIONS
 THE FOLLOWING WEATHER WAS RECORDED YESTERDAY.
  NO SIGNIFICANT WEATHER WAS OBSERVED.


RELATIVE HUMIDITY (PERCENT)
 HIGHEST    73
 LOWEST     36
 AVERAGE    55

..........................................................


THE EMPORIA KS CLIMATE NORMALS FOR TODAY
                         NORMAL
 MAXIMUM TEMPERATURE (F)   64
 MINIMUM TEMPERATURE (F)   39


SUNRISE AND SUNSET
APRIL  2 2015.........SUNRISE   709 AM CDT   SUNSET   749 PM CDT
APRIL  3 2015.........SUNRISE   707 AM CDT   SUNSET   750 PM CDT


-  INDICATES NEGATIVE NUMBERS.
R  INDICATES RECORD WAS SET OR TIED.
MM INDICATES DATA IS MISSING.
T  INDICATES TRACE AMOUNT.




$$
