000
CDUS46 KOTX 270821
CLIEPH


CLIMATE REPORT
NATIONAL WEATHER SERVICE SPOKANE, WA
120 AM PDT MON APR 27 2015


...................................

...THE EPHRATA WA AIRPORT CLIMATE SUMMARY FOR APRIL 26 2015...

CLIMATE NORMAL PERIOD 1981 TO 2010
CLIMATE RECORD PERIOD 9999 TO 9999


WEATHER ITEM   OBSERVED TIME   RECORD YEAR NORMAL DEPARTURE LAST
                VALUE   (LST)  VALUE       VALUE  FROM      YEAR
                                                  NORMAL
..................................................................
TEMPERATURE (F)
 YESTERDAY
  MAXIMUM         64    352 PM  82    1987  66     -2       62
  MINIMUM         31    445 AM  26    1970  40     -9       36
  AVERAGE         48                        53     -5       49

PRECIPITATION (IN)
  YESTERDAY        0.00          0.39 1989   0.02  -0.02     0.00
  MONTH TO DATE    0.57                      0.43   0.14     0.88
  SINCE OCT 1      5.67                      5.59   0.08     3.39
  SINCE JAN 1      2.88                      2.76   0.12     2.64

SNOWFALL (IN)
  YESTERDAY       MM

DEGREE DAYS
 HEATING
  YESTERDAY       17                        12      5       16
  MONTH TO DATE  375                       393    -18      338
  SINCE MAR 1    879                      1077   -198     1000
  SINCE JUL 1   4573                      5650  -1077     5582

 COOLING
  YESTERDAY        0                         0      0        0
  MONTH TO DATE    0                         0      0        0
  SINCE MAR 1      0                         0      0        0
  SINCE JAN 1      0                         0      0        0
..................................................................


WIND (MPH)
  HIGHEST WIND SPEED    16   HIGHEST WIND DIRECTION    NW (300)
  HIGHEST GUST SPEED    20   HIGHEST GUST DIRECTION     S (160)
  AVERAGE WIND SPEED     5.2


SKY COVER
  POSSIBLE SUNSHINE  MM
  AVERAGE SKY COVER 0.1


WEATHER CONDITIONS
 THE FOLLOWING WEATHER WAS RECORDED YESTERDAY.
  NO SIGNIFICANT WEATHER WAS OBSERVED.


RELATIVE HUMIDITY (PERCENT)
 HIGHEST    82           400 AM
 LOWEST     20           400 PM
 AVERAGE    51

..........................................................


THE EPHRATA WA AIRPORT CLIMATE NORMALS FOR TODAY
                         NORMAL    RECORD    YEAR
 MAXIMUM TEMPERATURE (F)   66        90      1987
 MINIMUM TEMPERATURE (F)   40        28      1970


SUNRISE AND SUNSET
APRIL 27 2015.........SUNRISE   549 AM PDT   SUNSET   804 PM PDT
APRIL 28 2015.........SUNRISE   547 AM PDT   SUNSET   805 PM PDT


-  INDICATES NEGATIVE NUMBERS.
R  INDICATES RECORD WAS SET OR TIED.
MM INDICATES DATA IS MISSING.
T  INDICATES TRACE AMOUNT.




$$
