000
CDUS43 KIND 060533
CLIEYE


CLIMATE REPORT
NATIONAL WEATHER SERVICE INDIANAPOLIS IN
132 AM EDT WED MAY 6 2015


...................................

...THE INDIANAPOLIS EAGLE CREEK IN CLIMATE SUMMARY FOR MAY 5 2015...

CLIMATE NORMAL PERIOD 1981 TO 2010
CLIMATE RECORD PERIOD 9999 TO 9999


WEATHER ITEM   OBSERVED TIME   NORMAL DEPARTURE LAST
                VALUE   (LST)  VALUE  FROM      YEAR
                                      NORMAL
......................................................
TEMPERATURE (F)
 YESTERDAY
  MAXIMUM         83    338 PM  69     14       70
  MINIMUM         60   1259 AM  49     11       46
  AVERAGE         72            59     13       58

PRECIPITATION (IN)
  YESTERDAY        0.00          0.22  -0.22     0.00
  MONTH TO DATE    0.07          1.08  -1.01     0.00
  SINCE MAR 1      8.20          8.28  -0.08     7.66
  SINCE JAN 1     10.68         12.62  -1.94    12.04

DEGREE DAYS
 HEATING
  YESTERDAY        0             7     -7        7
  MONTH TO DATE   13            36    -23       54
  SINCE MAR 1   1165          1106     59     1306
  SINCE JUL 1   5851          5231    620     6132

 COOLING
  YESTERDAY        7             1      6        0
  MONTH TO DATE    8             5      3        0
  SINCE MAR 1     12            20     -8        5
  SINCE JAN 1     12            20     -8        5
......................................................


WIND (MPH)
  HIGHEST WIND SPEED    15   HIGHEST WIND DIRECTION     S (200)
  HIGHEST GUST SPEED    21   HIGHEST GUST DIRECTION     S (190)
  AVERAGE WIND SPEED     4.1


SKY COVER
  AVERAGE SKY COVER 0.4


WEATHER CONDITIONS
 THE FOLLOWING WEATHER WAS RECORDED YESTERDAY.
  FOG


RELATIVE HUMIDITY (PERCENT)
 HIGHEST    93           200 AM
 LOWEST     34           400 PM
 AVERAGE    64

..........................................................


THE INDIANAPOLIS EAGLE CREEK IN CLIMATE NORMALS FOR TODAY
                         NORMAL
 MAXIMUM TEMPERATURE (F)   69
 MINIMUM TEMPERATURE (F)   50


SUNRISE AND SUNSET
MAY  6 2015...........SUNRISE   640 AM EDT   SUNSET   844 PM EDT
MAY  7 2015...........SUNRISE   639 AM EDT   SUNSET   845 PM EDT


-  INDICATES NEGATIVE NUMBERS.
R  INDICATES RECORD WAS SET OR TIED.
MM INDICATES DATA IS MISSING.
T  INDICATES TRACE AMOUNT.




$$
