000
CDUS43 KFGF 250633
CLIFAR


CLIMATE REPORT
NATIONAL WEATHER SERVICE EASTERN NORTH DAKOTA/GRAND FORKS
132 AM CDT SAT APR 25 2015


...................................

...THE FARGO HECTOR INTL AP ND CLIMATE SUMMARY FOR APRIL 24 2015...

CLIMATE NORMAL PERIOD 1981 TO 2010
CLIMATE RECORD PERIOD 1881 TO 2015


WEATHER ITEM   OBSERVED TIME   RECORD YEAR NORMAL DEPARTURE LAST
                VALUE   (LST)  VALUE       VALUE  FROM      YEAR
                                                  NORMAL
..................................................................
TEMPERATURE (F)
 YESTERDAY
  MAXIMUM         54    401 PM  87    1990  61     -7       52
                                      1962
  MINIMUM         40    247 AM  19    1909  36      4       36
  AVERAGE         47                        49     -2       44

PRECIPITATION (IN)
  YESTERDAY        0.25          0.72 1917   0.06   0.19     0.23
  MONTH TO DATE    0.77                      1.00  -0.23     1.13
  SINCE MAR 1      1.07                      2.30  -1.23     1.85
  SINCE JAN 1      2.04                      3.61  -1.57     2.73

SNOWFALL (IN)
  YESTERDAY        0.0           5.2  1937   0.1   -0.1      0.0
  MONTH TO DATE    T                         2.6   -2.6      2.0
  SINCE MAR 1      0.4                      11.7  -11.3      7.3
  SINCE JUL 1     16.0                      49.7  -33.7     34.9
  SNOW DEPTH       0

DEGREE DAYS
 HEATING
  YESTERDAY       18                        16      2       21
  MONTH TO DATE  471                       536    -65      599
  SINCE MAR 1   1438                      1688   -250     1915
  SINCE JUL 1   7854                      8366   -512     9192

 COOLING
  YESTERDAY        0                         0      0        0
  MONTH TO DATE    0                         0      0        0
  SINCE MAR 1      0                         0      0        0
  SINCE JAN 1      0                         0      0        0
..................................................................


WIND (MPH)
  HIGHEST WIND SPEED    28   HIGHEST WIND DIRECTION    SE (140)
  HIGHEST GUST SPEED    34   HIGHEST GUST DIRECTION    SE (130)
  AVERAGE WIND SPEED    16.1


SKY COVER
  POSSIBLE SUNSHINE  MM
  AVERAGE SKY COVER 0.9


WEATHER CONDITIONS
 THE FOLLOWING WEATHER WAS RECORDED YESTERDAY.
  RAIN
  LIGHT RAIN


RELATIVE HUMIDITY (PERCENT)
 HIGHEST    76           500 AM
 LOWEST     63          1100 AM
 AVERAGE    70

..........................................................


THE FARGO HECTOR INTL AP ND CLIMATE NORMALS FOR TODAY
                         NORMAL    RECORD    YEAR
 MAXIMUM TEMPERATURE (F)   62        91      1891
 MINIMUM TEMPERATURE (F)   37        14      1909


SUNRISE AND SUNSET
APRIL 25 2015.........SUNRISE   622 AM CDT   SUNSET   829 PM CDT
APRIL 26 2015.........SUNRISE   620 AM CDT   SUNSET   830 PM CDT


-  INDICATES NEGATIVE NUMBERS.
R  INDICATES RECORD WAS SET OR TIED.
MM INDICATES DATA IS MISSING.
T  INDICATES TRACE AMOUNT.




$$
