000
CDUS42 KRAH 242056
CLIFAY


CLIMATE REPORT
NATIONAL WEATHER SERVICE RALEIGH NC
454 PM EDT FRI APR 24 2015


...................................

...THE FAYETTEVILLE REGL AIRPORT NC CLIMATE SUMMARY FOR APRIL 24 2015...
VALID TODAY AS OF 0453 PM LOCAL TIME.

CLIMATE NORMAL PERIOD 1981 TO 2010
CLIMATE RECORD PERIOD 1910 TO 2015


WEATHER ITEM   OBSERVED TIME   RECORD YEAR NORMAL DEPARTURE LAST
                VALUE   (LST)  VALUE       VALUE  FROM      YEAR
                                                  NORMAL
..................................................................
TEMPERATURE (F)
 TODAY
  MAXIMUM         72    353 PM  95    1925  77     -5       74
  MINIMUM         45    410 AM  34    1986  52     -7       44
  AVERAGE         59                        65     -6       59

PRECIPITATION (IN)
  TODAY            0.00          0.96 1928   0.09  -0.09     0.00
  MONTH TO DATE    2.30                      2.43  -0.13     2.58
  SINCE MAR 1      5.00                      5.98  -0.98     6.22
  SINCE JAN 1     12.65                     12.04   0.61    12.94

DEGREE DAYS
 HEATING
  TODAY            6                         3      3        6
  MONTH TO DATE   55                       122    -67      107
  SINCE MAR 1    396                       466    -70      604
  SINCE JUL 1   2892                      2691    201     2929

 COOLING
  TODAY            0                         3     -3        0
  MONTH TO DATE   75                        47     28       36
  SINCE MAR 1     92                        59     33       37
  SINCE JAN 1     92                        63     29       40
..................................................................


WIND (MPH)
  HIGHEST WIND SPEED    17   HIGHEST WIND DIRECTION     N (350)
  HIGHEST GUST SPEED    22   HIGHEST GUST DIRECTION    NW (330)
  AVERAGE WIND SPEED     9.3


SKY COVER
  POSSIBLE SUNSHINE  MM
  AVERAGE SKY COVER 0.0


WEATHER CONDITIONS
 THE FOLLOWING WEATHER WAS RECORDED TODAY.
  NO SIGNIFICANT WEATHER WAS OBSERVED.


RELATIVE HUMIDITY (PERCENT)
 HIGHEST    42           500 AM
 LOWEST     17           200 PM
 AVERAGE    30

..........................................................


THE FAYETTEVILLE REGL AIRPORT NC CLIMATE NORMALS FOR TOMORROW
                         NORMAL    RECORD    YEAR
 MAXIMUM TEMPERATURE (F)   77        94      1925
 MINIMUM TEMPERATURE (F)   53        36      1969


SUNRISE AND SUNSET
APRIL 24 2015.........SUNRISE   633 AM EDT   SUNSET   755 PM EDT
APRIL 25 2015.........SUNRISE   632 AM EDT   SUNSET   756 PM EDT


-  INDICATES NEGATIVE NUMBERS.
R  INDICATES RECORD WAS SET OR TIED.
MM INDICATES DATA IS MISSING.
T  INDICATES TRACE AMOUNT.

$$
