000
CDUS43 KFSD 190658
CLIFSD


CLIMATE REPORT
NATIONAL WEATHER SERVICE SIOUX FALLS SD
158 AM CDT SUN APR 19 2015


...................................

...THE SIOUX FALLS SD CLIMATE SUMMARY FOR APRIL 18 2015...

CLIMATE NORMAL PERIOD 1981 TO 2010
CLIMATE RECORD PERIOD 1893 TO 2015


WEATHER ITEM   OBSERVED TIME   RECORD YEAR NORMAL DEPARTURE LAST
                VALUE   (LST)  VALUE       VALUE  FROM      YEAR
                                                  NORMAL
..................................................................
TEMPERATURE (F)
 YESTERDAY
  MAXIMUM         63   1129 AM  92    1985  60      3       66
  MINIMUM         47    240 AM  14    1953  35     12       32
  AVERAGE         55                        48      7       49

PRECIPITATION (IN)
  YESTERDAY        0.10          2.12 1995   0.10   0.00     0.00
  MONTH TO DATE    0.65                      1.75  -1.10     0.45
  SINCE MAR 1      0.98                      3.51  -2.53     1.16
  SINCE JAN 1      2.20                      4.67  -2.47     2.15

SNOWFALL (IN)
  YESTERDAY        0.0           2.9  2013   0.2   -0.2      0.0
  MONTH TO DATE    T                         3.4   -3.4      3.4
  SINCE MAR 1      1.7                      11.8  -10.1     11.1
  SINCE JUL 1     31.9                      43.3  -11.4     45.3
  SNOW DEPTH       0

DEGREE DAYS
 HEATING
  YESTERDAY       10                        18     -8       16
  MONTH TO DATE  251                       383   -132      415
  SINCE MAR 1   1071                      1378   -307     1516
  SINCE JUL 1   6820                      7228   -408     7863

 COOLING
  YESTERDAY        0                         0      0        0
  MONTH TO DATE    4                         0      4        0
  SINCE MAR 1      4                         0      4        0
  SINCE JAN 1      4                         0      4        0
..................................................................


WIND (MPH)
  HIGHEST WIND SPEED    18   HIGHEST WIND DIRECTION    SE (120)
  HIGHEST GUST SPEED    25   HIGHEST GUST DIRECTION    SE (120)
  AVERAGE WIND SPEED     8.0


SKY COVER
  POSSIBLE SUNSHINE  MM
  AVERAGE SKY COVER 0.9


WEATHER CONDITIONS
 THE FOLLOWING WEATHER WAS RECORDED YESTERDAY.
  LIGHT RAIN
  FOG


RELATIVE HUMIDITY (PERCENT)
 HIGHEST    93           400 PM
 LOWEST     35           500 AM
 AVERAGE    64

..........................................................


THE SIOUX FALLS SD CLIMATE NORMALS FOR TODAY
                         NORMAL    RECORD    YEAR
 MAXIMUM TEMPERATURE (F)   60        89      1987
 MINIMUM TEMPERATURE (F)   36        15      1928


SUNRISE AND SUNSET
APRIL 19 2015.........SUNRISE   638 AM CDT   SUNSET   815 PM CDT
APRIL 20 2015.........SUNRISE   637 AM CDT   SUNSET   816 PM CDT


-  INDICATES NEGATIVE NUMBERS.
R  INDICATES RECORD WAS SET OR TIED.
MM INDICATES DATA IS MISSING.
T  INDICATES TRACE AMOUNT.




$$
