000
CDUS42 KFFC 180819
CLIFTY


CLIMATE REPORT
NATIONAL WEATHER SERVICE PEACHTREE CITY GA
417 AM EDT SAT APR 18 2015


...................................

...THE FULTON COUNTY AIRPORT CLIMATE SUMMARY FOR APRIL 17 2015...

CLIMATE NORMAL PERIOD 1981 TO 2010
CLIMATE RECORD PERIOD 9999 TO 9999


WEATHER ITEM   OBSERVED TIME   RECORD YEAR NORMAL DEPARTURE LAST
                VALUE   (LST)  VALUE       VALUE  FROM      YEAR
                                                  NORMAL
..................................................................
TEMPERATURE (F)
 YESTERDAY
  MAXIMUM         63   1131 PM  MM      MM  73    -10       66
  MINIMUM         55    617 AM  MM      MM  49      6       40
  AVERAGE         59                        61     -2       53

PRECIPITATION (IN)
  YESTERDAY        0.44         MM      MM   0.10   0.34     0.00
  MONTH TO DATE    5.09                      2.07   3.02     4.57
  SINCE MAR 1      7.52                      6.88   0.64     7.59
  SINCE JAN 1     14.31                     16.05  -1.74    13.26

SNOWFALL (IN)
  YESTERDAY       MM            MM      MM  MM     MM       MM
  MONTH TO DATE    0.0                      MM     MM        0.0
  SINCE MAR 1      0.0                      MM     MM        0.0
  SINCE JUL 1      T                        MM     MM         T
  SNOW DEPTH      MM

DEGREE DAYS
 HEATING
  YESTERDAY        6                         5      1       12
  MONTH TO DATE   39                       108    -69      103
  SINCE MAR 1    314                       467   -153      515
  SINCE JUL 1   2902                      2807     95     3082

 COOLING
  YESTERDAY        0                         1     -1        0
  MONTH TO DATE   49                        15     34       12
  SINCE MAR 1     51                        21     30       12
  SINCE JAN 1     51                        21     30       12
..................................................................


WIND (MPH)
  RESULTANT WIND SPEED   4   RESULTANT WIND DIRECTION  NE (50)
  HIGHEST WIND SPEED     9   HIGHEST WIND DIRECTION     E (70)
  HIGHEST GUST SPEED    12   HIGHEST GUST DIRECTION     E (80)
  AVERAGE WIND SPEED     4.2


SKY COVER
  AVERAGE SKY COVER 1.0


WEATHER CONDITIONS
 THE FOLLOWING WEATHER WAS RECORDED YESTERDAY.
  RAIN
  LIGHT RAIN
  FOG


RELATIVE HUMIDITY (PERCENT)
 HIGHEST    93          1200 AM
 LOWEST     87          1100 AM
 AVERAGE    90

..........................................................


THE FULTON COUNTY AIRPORT CLIMATE NORMALS FOR TODAY
                         NORMAL    RECORD    YEAR
 MAXIMUM TEMPERATURE (F)   74        MM        MM
 MINIMUM TEMPERATURE (F)   50        MM        MM


SUNRISE AND SUNSET
APRIL 18 2015.........SUNRISE   704 AM EDT   SUNSET   811 PM EDT
APRIL 19 2015.........SUNRISE   703 AM EDT   SUNSET   812 PM EDT


-  INDICATES NEGATIVE NUMBERS.
R  INDICATES RECORD WAS SET OR TIED.
MM INDICATES DATA IS MISSING.
T  INDICATES TRACE AMOUNT.




$$
