000
CDUS43 KIND 050540
CLIGEZ


CLIMATE REPORT
NATIONAL WEATHER SERVICE INDIANAPOLIS IN
140 AM EDT TUE MAY 5 2015


...................................

...THE SHELBYVILLE IN CLIMATE SUMMARY FOR MAY 4 2015...

CLIMATE NORMAL PERIOD 1981 TO 2010
CLIMATE RECORD PERIOD 9999 TO 9999


WEATHER ITEM   OBSERVED TIME   NORMAL DEPARTURE LAST
                VALUE   (LST)  VALUE  FROM      YEAR
                                      NORMAL
......................................................
TEMPERATURE (F)
 YESTERDAY
  MAXIMUM         78    531 PM  70      8       73
  MINIMUM         59    542 AM  48     11       51
  AVERAGE         69            59     10       62

PRECIPITATION (IN)
  YESTERDAY        0.01          0.20  -0.19     0.00
  MONTH TO DATE    0.01          0.78  -0.77      T
  SINCE MAR 1      8.54          8.53   0.01     7.46
  SINCE JAN 1     11.56         13.28  -1.72    11.34

DEGREE DAYS
 HEATING
  YESTERDAY        0             7     -7        3
  MONTH TO DATE   10            29    -19       36
  SINCE MAR 1   1064          1126    -62     1137
  SINCE JUL 1   5505          5289    216     5635

 COOLING
  YESTERDAY        4             1      3        0
  MONTH TO DATE    5             4      1        0
  SINCE MAR 1     13            17     -4       10
  SINCE JAN 1     13            17     -4       10
......................................................


WIND (MPH)
  HIGHEST WIND SPEED    22   HIGHEST WIND DIRECTION     W (270)
  HIGHEST GUST SPEED    25   HIGHEST GUST DIRECTION     W (280)
  AVERAGE WIND SPEED     8.7


SKY COVER
  AVERAGE SKY COVER 0.4


WEATHER CONDITIONS
 THE FOLLOWING WEATHER WAS RECORDED YESTERDAY.
  THUNDERSTORM
  LIGHT RAIN
  FOG
  HAZE


RELATIVE HUMIDITY (PERCENT)
 HIGHEST    81           900 PM
 LOWEST     47          1000 AM
 AVERAGE    64

..........................................................


THE SHELBYVILLE IN CLIMATE NORMALS FOR TODAY
                         NORMAL
 MAXIMUM TEMPERATURE (F)   70
 MINIMUM TEMPERATURE (F)   49


SUNRISE AND SUNSET
MAY  5 2015...........SUNRISE   640 AM EDT   SUNSET   841 PM EDT
MAY  6 2015...........SUNRISE   638 AM EDT   SUNSET   842 PM EDT


-  INDICATES NEGATIVE NUMBERS.
R  INDICATES RECORD WAS SET OR TIED.
MM INDICATES DATA IS MISSING.
T  INDICATES TRACE AMOUNT.




$$
