000
CDUS43 KFGF 012152
CLIGFK


CLIMATE REPORT
NATIONAL WEATHER SERVICE EASTERN NORTH DAKOTA/GRAND FORKS
449 PM CDT WED APR 1 2015


...................................

...THE GRAND FORKS INTL AP ND CLIMATE SUMMARY FOR APRIL 1 2015...
VALID TODAY AS OF 0400 PM LOCAL TIME.

CLIMATE NORMAL PERIOD 1981 TO 2010
CLIMATE RECORD PERIOD 1941 TO 2015


WEATHER ITEM   OBSERVED TIME   RECORD YEAR NORMAL DEPARTURE LAST
                VALUE   (LST)  VALUE       VALUE  FROM      YEAR
                                                  NORMAL
..................................................................
TEMPERATURE (F)
 TODAY
  MAXIMUM         67    116 PM  73    2012  44     23       23
  MINIMUM         40    638 AM  -7    1975  24     16        0
  AVERAGE         54                        34     20       12

PRECIPITATION (IN)
  TODAY            0.00          0.93 1999   0.03  -0.03     0.00
  MONTH TO DATE    0.00                      0.03  -0.03     0.00
  SINCE MAR 1      0.31                      0.99  -0.68     0.93
  SINCE JAN 1      1.13                      2.06  -0.93     2.00

SNOWFALL (IN)
  TODAY            0.0          MM      MM   0.1   -0.1      0.0
  MONTH TO DATE    0.0                       0.1   -0.1      0.0
  SINCE MAR 1      2.1                       7.3   -5.2     13.5
  SINCE JUL 1     16.4                      44.5  -28.1     59.2
  SNOW DEPTH       0

DEGREE DAYS
 HEATING
  TODAY           11                        31    -20       53
  MONTH TO DATE   11                        31    -20       53
  SINCE MAR 1   1058                      1266   -208     1508
  SINCE JUL 1   7975                      8416   -441     9403

 COOLING
  TODAY            0                         0      0        0
  MONTH TO DATE    0                         0      0        0
  SINCE MAR 1      0                         0      0        0
  SINCE JAN 1      0                         0      0        0
..................................................................


WIND (MPH)
  HIGHEST WIND SPEED    26   HIGHEST WIND DIRECTION     W (290)
  HIGHEST GUST SPEED    32   HIGHEST GUST DIRECTION     W (290)
  AVERAGE WIND SPEED    14.7


SKY COVER
  POSSIBLE SUNSHINE  MM
  AVERAGE SKY COVER 0.5


WEATHER CONDITIONS
 THE FOLLOWING WEATHER WAS RECORDED TODAY.
  NO SIGNIFICANT WEATHER WAS OBSERVED.


RELATIVE HUMIDITY (PERCENT)
 HIGHEST    62           700 AM
 LOWEST     37           100 PM
 AVERAGE    50

..........................................................


THE GRAND FORKS INTL AP ND CLIMATE NORMALS FOR TOMORROW
                         NORMAL    RECORD    YEAR
 MAXIMUM TEMPERATURE (F)   45        65      1991
 MINIMUM TEMPERATURE (F)   24        -6      2014


SUNRISE AND SUNSET
APRIL  1 2015.........SUNRISE   708 AM CDT   SUNSET   759 PM CDT
APRIL  2 2015.........SUNRISE   706 AM CDT   SUNSET   800 PM CDT


-  INDICATES NEGATIVE NUMBERS.
R  INDICATES RECORD WAS SET OR TIED.
MM INDICATES DATA IS MISSING.
T  INDICATES TRACE AMOUNT.




$$
