000
CDUS42 KRAH 180541
CLIGSO


CLIMATE REPORT
NATIONAL WEATHER SERVICE RALEIGH NC
139 AM EDT SAT APR 18 2015


...................................

...THE PIEDMONT TRIAD INTL AIRPORT NC CLIMATE SUMMARY FOR APRIL 17 2015...

CLIMATE NORMAL PERIOD 1981 TO 2010
CLIMATE RECORD PERIOD 1903 TO 2015


WEATHER ITEM   OBSERVED TIME   RECORD YEAR NORMAL DEPARTURE LAST
                VALUE   (LST)  VALUE       VALUE  FROM      YEAR
                                                  NORMAL
..................................................................
TEMPERATURE (F)
 YESTERDAY
  MAXIMUM         74    220 PM  90    1967  71      3       61
  MINIMUM         53    239 AM  29    1953  48      5       32
                                      1949
                                      1904
  AVERAGE         64                        59      5       47

PRECIPITATION (IN)
  YESTERDAY        0.00          1.25 1910   0.12  -0.12     0.00
  MONTH TO DATE    1.50                      2.04  -0.54     3.56
  SINCE MAR 1      4.22                      5.77  -1.55     7.92
  SINCE JAN 1      8.90                     11.79  -2.89    14.14

SNOWFALL (IN)
  YESTERDAY        0.0           T    2001   0.0    0.0      0.0
  MONTH TO DATE    0.0                       0.1   -0.1      0.0
  SINCE MAR 1      T                         0.9   -0.9      4.7
  SINCE JUL 1      9.6                       7.6    2.0     15.3
  SNOW DEPTH       0

DEGREE DAYS
 HEATING
  YESTERDAY        1                         7     -6       18
  MONTH TO DATE   68                       150    -82      112
  SINCE MAR 1    496                       620   -124      739
  SINCE JUL 1   3581                      3475    106     3716

 COOLING
  YESTERDAY        0                         1     -1        0
  MONTH TO DATE   26                        16     10       15
  SINCE MAR 1     28                        21      7       15
  SINCE JAN 1     28                        21      7       15
..................................................................


WIND (MPH)
  HIGHEST WIND SPEED    12   HIGHEST WIND DIRECTION     S (180)
  HIGHEST GUST SPEED    14   HIGHEST GUST DIRECTION     S (190)
  AVERAGE WIND SPEED     3.2


SKY COVER
  POSSIBLE SUNSHINE  MM
  AVERAGE SKY COVER 0.9


WEATHER CONDITIONS
 THE FOLLOWING WEATHER WAS RECORDED YESTERDAY.
  FOG


RELATIVE HUMIDITY (PERCENT)
 HIGHEST   100           100 AM
 LOWEST     61           300 PM
 AVERAGE    81

..........................................................


THE PIEDMONT TRIAD INTL AIRPORT NC CLIMATE NORMALS FOR TODAY
                         NORMAL    RECORD    YEAR
 MAXIMUM TEMPERATURE (F)   71        90      1976
 MINIMUM TEMPERATURE (F)   48        30      1956
                                             1905


SUNRISE AND SUNSET
APRIL 18 2015.........SUNRISE   643 AM EDT   SUNSET   756 PM EDT
APRIL 19 2015.........SUNRISE   642 AM EDT   SUNSET   757 PM EDT


-  INDICATES NEGATIVE NUMBERS.
R  INDICATES RECORD WAS SET OR TIED.
MM INDICATES DATA IS MISSING.
T  INDICATES TRACE AMOUNT.




$$
