000
CDUS42 KGSP 210640
CLIGSP

CLIMATE REPORT
NATIONAL WEATHER SERVICE GREENVILLE-SPARTANBURG SC
236 AM EDT TUE APR 21 2015


...................................

...THE GREENVILLE-SPARTANBURG SC CLIMATE SUMMARY FOR APRIL 20 2015...

CLIMATE NORMAL PERIOD 1981 TO 2010
CLIMATE RECORD PERIOD 1884 TO 2015


WEATHER ITEM   OBSERVED TIME   RECORD YEAR NORMAL DEPARTURE LAST
                VALUE   (LST)  VALUE       VALUE  FROM      YEAR
                                                  NORMAL
..................................................................
TEMPERATURE (F)
 YESTERDAY
  MAXIMUM         74   1122 AM  94    1917  74      0       71
  MINIMUM         55   1159 PM  25    1983  49      6       50
  AVERAGE         65                        62      3       61

PRECIPITATION (IN)
  YESTERDAY        0.12          1.91 1920   0.11   0.01     0.00
  MONTH TO DATE    5.89                      2.23   3.66     4.85
  SINCE MAR 1      7.98                      6.75   1.23     8.94
  SINCE JAN 1     15.30                     14.54   0.76    15.18

SNOWFALL (IN)
  YESTERDAY        0.0           T    1901   0.0    0.0      0.0
  MONTH TO DATE    0.0                       0.0    0.0      0.0
  SINCE MAR 1      0.0                       0.9   -0.9       T
  SINCE JUL 1      3.7                       4.7   -1.0      7.2
  SNOW DEPTH       0

DEGREE DAYS
 HEATING
  YESTERDAY        0                         5     -5        4
  MONTH TO DATE   52                       134    -82      129
  SINCE MAR 1    356                       518   -162      606
  SINCE JUL 1   2970                      2967      3     3165

 COOLING
  YESTERDAY        0                         2     -2        0
  MONTH TO DATE   50                        21     29       20
  SINCE MAR 1     56                        29     27       20
  SINCE JAN 1     56                        29     27       20
..................................................................


WIND (MPH)
  HIGHEST WIND SPEED    24   HIGHEST WIND DIRECTION    SW (210)
  HIGHEST GUST SPEED    32   HIGHEST GUST DIRECTION    SW (220)
  AVERAGE WIND SPEED    10.2


SKY COVER
  POSSIBLE SUNSHINE  MM
  AVERAGE SKY COVER 0.7


WEATHER CONDITIONS
 THE FOLLOWING WEATHER WAS RECORDED YESTERDAY.
  THUNDERSTORM
  RAIN
  LIGHT RAIN
  FOG


RELATIVE HUMIDITY (PERCENT)
 HIGHEST   100           500 AM
 LOWEST     68           100 PM
 AVERAGE    84

..........................................................


THE GREENVILLE-SPARTANBURG SC CLIMATE NORMALS FOR TODAY
                         NORMAL    RECORD    YEAR
 MAXIMUM TEMPERATURE (F)   74        90      1963
                                             1917
 MINIMUM TEMPERATURE (F)   50        27      1983


SUNRISE AND SUNSET
APRIL 21 2015.........SUNRISE   650 AM EDT   SUNSET   806 PM EDT
APRIL 22 2015.........SUNRISE   649 AM EDT   SUNSET   807 PM EDT


-  INDICATES NEGATIVE NUMBERS.
R  INDICATES RECORD WAS SET OR TIED.
MM INDICATES DATA IS MISSING.
T  INDICATES TRACE AMOUNT.




$$
