000
CDUS44 KJAN 060733
CLIHBG


CLIMATE REPORT
NATIONAL WEATHER SERVICE JACKSON MS
230 AM CDT WED MAY 6 2015


...................................

...THE HATTIESBURG CLIMATE SUMMARY FOR MAY 5 2015...

CLIMATE NORMAL PERIOD 1981 TO 2010
CLIMATE RECORD PERIOD 1948 TO 2015


WEATHER ITEM   OBSERVED TIME   RECORD YEAR NORMAL DEPARTURE LAST
                VALUE   (LST)  VALUE       VALUE  FROM      YEAR
                                                  NORMAL
..................................................................
TEMPERATURE (F)
 YESTERDAY
  MAXIMUM         85    350 PM  92    1952  83      2       87
  MINIMUM         55    545 AM  42    2011  59     -4       57
                                      1954
  AVERAGE         70                        71     -1       72

PRECIPITATION (IN)
  YESTERDAY        0.00          2.21 1967   0.17  -0.17     0.00
  MONTH TO DATE    0.00                      0.79  -0.79     0.00
  SINCE MAR 1      9.08                     11.22  -2.14    12.61
  SINCE JAN 1     16.91                     22.35  -5.44    22.51

SNOWFALL (IN)
  YESTERDAY        0.0

DEGREE DAYS
 HEATING
  YESTERDAY        0                         1     -1        0
  MONTH TO DATE    1                         5     -4        6
  SINCE MAR 1    131                       305   -174      348
  SINCE JUL 1   1912                      1983    -71     2271

 COOLING
  YESTERDAY        5                         6     -1        7
  MONTH TO DATE   14                        29    -15       13
  SINCE MAR 1    287                       154    133      121
  SINCE JAN 1    293                       169    124      138
..................................................................


WIND (MPH)
  HIGHEST WIND SPEED    16   HIGHEST WIND DIRECTION     E (110)
  HIGHEST GUST SPEED    21   HIGHEST GUST DIRECTION    SE (140)
  AVERAGE WIND SPEED     4.9


SKY COVER
  POSSIBLE SUNSHINE  MM
  AVERAGE SKY COVER 0.1


WEATHER CONDITIONS
 THE FOLLOWING WEATHER WAS RECORDED YESTERDAY.
  NO SIGNIFICANT WEATHER WAS OBSERVED.


RELATIVE HUMIDITY (PERCENT)
 HIGHEST    93           200 AM
 LOWEST     37           200 PM
 AVERAGE    65

..........................................................


THE HATTIESBURG CLIMATE NORMALS FOR TODAY
                         NORMAL    RECORD    YEAR
 MAXIMUM TEMPERATURE (F)   84        94      1952
 MINIMUM TEMPERATURE (F)   59        44      1957


SUNRISE AND SUNSET
MAY  6 2015...........SUNRISE   608 AM CDT   SUNSET   740 PM CDT
MAY  7 2015...........SUNRISE   607 AM CDT   SUNSET   740 PM CDT


-  INDICATES NEGATIVE NUMBERS.
R  INDICATES RECORD WAS SET OR TIED.
MM INDICATES DATA IS MISSING.
T  INDICATES TRACE AMOUNT.




$$
