000
CDUS45 KTFX 190733
CLIHLN


CLIMATE REPORT
NATIONAL WEATHER SERVICE GREAT FALLS MT
132 AM MDT SUN APR 19 2015


...................................

...THE HELENA MT CLIMATE SUMMARY FOR APRIL 18 2015...

CLIMATE NORMAL PERIOD 1981 TO 2010
CLIMATE RECORD PERIOD 1866 TO 2015


WEATHER ITEM   OBSERVED TIME   RECORD YEAR NORMAL DEPARTURE LAST
                VALUE   (LST)  VALUE       VALUE  FROM      YEAR
                                                  NORMAL
..................................................................
TEMPERATURE (F)
 YESTERDAY
  MAXIMUM         54    754 AM  80    1936  59     -5       54
                                      1910
  MINIMUM         36    419 AM   9    1951  33      3       39
  AVERAGE         45                        46     -1       47

PRECIPITATION (IN)
  YESTERDAY        0.00          0.64 2003   0.03  -0.03      T
  MONTH TO DATE    0.16                      0.54  -0.38     0.04
  SINCE OCT 1      3.61                      3.36   0.25     4.37
  SINCE JAN 1      1.33                      1.79  -0.46     3.37

SNOWFALL (IN)
  YESTERDAY        0.0           2.9  1987   0.1   -0.1      0.0
  MONTH TO DATE    T                         2.4   -2.4       T
  SINCE MAR 1      T                         8.6   -8.6      3.8
  SINCE JUL 1     24.3                      35.9  -11.6     41.8
  SNOW DEPTH       0

DEGREE DAYS
 HEATING
  YESTERDAY       20                        19      1       18
  MONTH TO DATE  389                       391     -2      360
  SINCE MAR 1   1010                      1282   -272     1288
  SINCE JUL 1   6018                      6843   -825     6804

 COOLING
  YESTERDAY        0                         0      0        0
  MONTH TO DATE    0                         0      0        0
  SINCE MAR 1      0                         0      0        0
  SINCE JAN 1      0                         0      0        0
..................................................................


WIND (MPH)
  HIGHEST WIND SPEED    28   HIGHEST WIND DIRECTION     N (350)
  HIGHEST GUST SPEED    34   HIGHEST GUST DIRECTION     N (350)
  AVERAGE WIND SPEED    10.4


SKY COVER
  AVERAGE SKY COVER 0.3


WEATHER CONDITIONS
 THE FOLLOWING WEATHER WAS RECORDED YESTERDAY.
  NO SIGNIFICANT WEATHER WAS OBSERVED.


RELATIVE HUMIDITY (PERCENT)
 HIGHEST    70           900 PM
 LOWEST     41           800 AM
 AVERAGE    56

..........................................................


THE HELENA MT CLIMATE NORMALS FOR TODAY
                         NORMAL    RECORD    YEAR
 MAXIMUM TEMPERATURE (F)   59        85      1962
 MINIMUM TEMPERATURE (F)   33         7      1951


SUNRISE AND SUNSET
APRIL 19 2015.........SUNRISE   634 AM MDT   SUNSET   821 PM MDT
APRIL 20 2015.........SUNRISE   632 AM MDT   SUNSET   823 PM MDT


-  INDICATES NEGATIVE NUMBERS.
R  INDICATES RECORD WAS SET OR TIED.
MM INDICATES DATA IS MISSING.
T  INDICATES TRACE AMOUNT.




$$
