000
CDHW40 PHFO 070225
CLIHNL


CLIMATE REPORT
NATIONAL WEATHER SERVICE HONOLULU HI
425 PM HST WED MAY 6 2015


...................................

...THE HONOLULU HI CLIMATE SUMMARY FOR MAY 6 2015...
VALID TODAY AS OF 0400 PM LOCAL TIME.

CLIMATE NORMAL PERIOD 1981 TO 2010
CLIMATE RECORD PERIOD 1946 TO 2015


WEATHER ITEM   OBSERVED TIME   RECORD YEAR NORMAL DEPARTURE LAST
                VALUE   (LST)  VALUE       VALUE  FROM      YEAR
                                                  NORMAL
..................................................................
TEMPERATURE (F)
 TODAY
  MAXIMUM         82   1256 PM  89    2005  84     -2       86
  MINIMUM         70    404 AM  65    1996  70      0       72
  AVERAGE         76                        77     -1       79

PRECIPITATION (IN)
  TODAY            T             0.56 1985   0.02  -0.02      T
  MONTH TO DATE    0.02                      0.14  -0.12     0.01
  SINCE MAR 1      1.01                      2.79  -1.78     2.95
  SINCE JAN 1      2.81                      7.09  -4.28     6.63

SNOWFALL (IN)
  TODAY            0.0
  MONTH TO DATE    0.0
  SINCE MAR 1      0.0
  SINCE JUL 1      0.0
  SNOW DEPTH       0

DEGREE DAYS
 HEATING
  TODAY            0                         0      0        0
  MONTH TO DATE    0                         0      0        0
  SINCE MAR 1      0                         0      0        0
  SINCE JUL 1      0                         0      0        0

 COOLING
  TODAY           11                        12     -1       14
  MONTH TO DATE   63                        72     -9       78
  SINCE MAR 1    679                       697    -18      753
  SINCE JAN 1   1189                      1179     10     1272
..................................................................


WIND (MPH)
  HIGHEST WIND SPEED    23   HIGHEST WIND DIRECTION    NE (60)
  HIGHEST GUST SPEED    31   HIGHEST GUST DIRECTION    NE (60)
  AVERAGE WIND SPEED    12.7


SKY COVER
  POSSIBLE SUNSHINE  MM
  AVERAGE SKY COVER 0.6


WEATHER CONDITIONS
 THE FOLLOWING WEATHER WAS RECORDED TODAY.
  LIGHT RAIN


RELATIVE HUMIDITY (PERCENT)
 HIGHEST    79           200 AM
 LOWEST     51          1200 PM
 AVERAGE    65

..........................................................


THE HONOLULU HI CLIMATE NORMALS FOR TOMORROW
                         NORMAL    RECORD    YEAR
 MAXIMUM TEMPERATURE (F)   84        88      2005
                                             1979
 MINIMUM TEMPERATURE (F)   70        64      1954


SUNRISE AND SUNSET
MAY  6 2015...........SUNRISE   558 AM HST   SUNSET   659 PM HST
MAY  7 2015...........SUNRISE   557 AM HST   SUNSET   659 PM HST


-  INDICATES NEGATIVE NUMBERS.
R  INDICATES RECORD WAS SET OR TIED.
MM INDICATES DATA IS MISSING.
T  INDICATES TRACE AMOUNT.




$$
