000
CDUS43 KFSD 060632
CLIHON


CLIMATE REPORT
NATIONAL WEATHER SERVICE SIOUX FALLS SD
131 AM CDT WED MAY 6 2015


...................................

...THE HURON SD CLIMATE SUMMARY FOR MAY 5 2015...

CLIMATE NORMAL PERIOD 1981 TO 2010
CLIMATE RECORD PERIOD 1881 TO 2015


WEATHER ITEM   OBSERVED TIME   RECORD YEAR NORMAL DEPARTURE LAST
                VALUE   (LST)  VALUE       VALUE  FROM      YEAR
                                                  NORMAL
..................................................................
TEMPERATURE (F)
 YESTERDAY
  MAXIMUM         77   1230 PM  94    2004  67     10       68
  MINIMUM         42    437 AM  24    1968  42      0       30
                                      1954
  AVERAGE         60                        55      5       49

PRECIPITATION (IN)
  YESTERDAY        T             2.26 2007   0.09  -0.09     0.00
  MONTH TO DATE    T                         0.46  -0.46     0.26
  SINCE MAR 1      0.76                      4.23  -3.47     2.14
  SINCE JAN 1      1.37                      5.33  -3.96     2.70

SNOWFALL (IN)
  YESTERDAY       MM             1.3  1950   0.0   MM        0.0
  MONTH TO DATE    0.0                       0.1   -0.1      0.0
  SINCE MAR 1      1.2                      13.0  -11.8      6.9
  SINCE JUL 1     22.8                      44.0  -21.2     28.6
  SNOW DEPTH       0

DEGREE DAYS
 HEATING
  YESTERDAY        5                        11     -6       16
  MONTH TO DATE   22                        58    -36       83
  SINCE MAR 1   1323                      1604   -281     1776
  SINCE JUL 1   7260                      7436   -176     8096

 COOLING
  YESTERDAY        0                         1     -1        0
  MONTH TO DATE    2                         2      0        0
  SINCE MAR 1      4                         6     -2        0
  SINCE JAN 1      4                         6     -2        0
..................................................................


WIND (MPH)
  HIGHEST WIND SPEED    23   HIGHEST WIND DIRECTION     S (160)
  HIGHEST GUST SPEED    30   HIGHEST GUST DIRECTION     S (160)
  AVERAGE WIND SPEED    10.4


SKY COVER
  POSSIBLE SUNSHINE  MM
  AVERAGE SKY COVER 0.2


WEATHER CONDITIONS
 THE FOLLOWING WEATHER WAS RECORDED YESTERDAY.
  LIGHT RAIN
  FOG


RELATIVE HUMIDITY (PERCENT)
 HIGHEST    90           800 PM
 LOWEST     27          1000 AM
 AVERAGE    59

..........................................................


THE HURON SD CLIMATE NORMALS FOR TODAY
                         NORMAL    RECORD    YEAR
 MAXIMUM TEMPERATURE (F)   68        90      1889
                                             1887
 MINIMUM TEMPERATURE (F)   42        17      1976


SUNRISE AND SUNSET
MAY  6 2015...........SUNRISE   617 AM CDT   SUNSET   843 PM CDT
MAY  7 2015...........SUNRISE   616 AM CDT   SUNSET   844 PM CDT


-  INDICATES NEGATIVE NUMBERS.
R  INDICATES RECORD WAS SET OR TIED.
MM INDICATES DATA IS MISSING.
T  INDICATES TRACE AMOUNT.




$$
