000
CDUS44 KHGX 181408
CLIHOU

CLIMATE REPORT
NATIONAL WEATHER SERVICE HOUSTON/GALVESTON TX
850 AM CDT SAT APR 18 2015


...MORNING CLIMATE DATA...

                            MORNING LOW    PRECIP SINCE MIDNIGHT
HOUSTON INTERCONTINENTAL         67                0.01
GALVESTON SCHOLES FIELD          69                0.11
BRYAN/COLLEGE STATION            67                 T
HOUSTON HOBBY                    68                0.20

...................................

...THE HOUSTON INTERCONTINENTAL CLIMATE SUMMARY FOR APRIL 17 2015...

CLIMATE NORMAL PERIOD 1981 TO 2010
CLIMATE RECORD PERIOD 1892 TO 2015


WEATHER ITEM   OBSERVED TIME   RECORD YEAR NORMAL DEPARTURE LAST
                VALUE   (LST)  VALUE       VALUE  FROM      YEAR
                                                  NORMAL
..................................................................
TEMPERATURE (F)
 YESTERDAY
  MAXIMUM         83   1248 PM  92    2006  80      3       73
                                      1987
  MINIMUM         64    649 AM  38    1999  60      4       53
  AVERAGE         74                        70      4       63

PRECIPITATION (IN)
  YESTERDAY        1.10          1.90 2009   0.11   0.99     0.00
  MONTH TO DATE    5.24                      1.74   3.50     1.56
  SINCE MAR 1     11.58                      5.15   6.43     4.01
  SINCE JAN 1     15.41                     11.73   3.68     7.36

SNOWFALL (IN)
  YESTERDAY        0.0          MM      MM
  MONTH TO DATE    0.0
  SINCE MAR 1      0.0
  SINCE JUL 1      0.0

DEGREE DAYS
 HEATING
  YESTERDAY        0                         1     -1        2
  MONTH TO DATE    3                        29    -26       41
  SINCE MAR 1    142                       170    -28      255
  SINCE JUL 1   1461                      1358    103     1735

 COOLING
  YESTERDAY        9                         6      3        0
  MONTH TO DATE  145                        81     64       67
  SINCE MAR 1    213                       152     61       99
  SINCE JAN 1    223                       190     33      133
..................................................................


WIND (MPH)
  HIGHEST WIND SPEED    24   HIGHEST WIND DIRECTION    SE (130)
  HIGHEST GUST SPEED    28   HIGHEST GUST DIRECTION    SE (120)


RELATIVE HUMIDITY (PERCENT)
 HIGHEST   100
 LOWEST     65
 AVERAGE    83

..........................................................


THE HOUSTON INTERCONTINENTAL CLIMATE NORMALS FOR TODAY
                         NORMAL    RECORD    YEAR
 MAXIMUM TEMPERATURE (F)   80        94      1987
 MINIMUM TEMPERATURE (F)   60        42      1999


SUNRISE AND SUNSET
APRIL 18 2015.........SUNRISE   652 AM CDT   SUNSET   750 PM CDT
APRIL 19 2015.........SUNRISE   651 AM CDT   SUNSET   751 PM CDT


-  INDICATES NEGATIVE NUMBERS.
R  INDICATES RECORD WAS SET OR TIED.
MM INDICATES DATA IS MISSING.
T  INDICATES TRACE AMOUNT.


&&

...................................

...THE HOUSTON/HOBBY AIRPORT CLIMATE SUMMARY FOR APRIL 17 2015...

CLIMATE NORMAL PERIOD 1981 TO 2010
CLIMATE RECORD PERIOD 1930 TO 2015


WEATHER ITEM   OBSERVED TIME   RECORD YEAR NORMAL DEPARTURE LAST
                VALUE   (LST)  VALUE       VALUE  FROM      YEAR
                                                  NORMAL
..................................................................
TEMPERATURE (F)
 YESTERDAY
  MAXIMUM         81   1247 PM  90    2006  79      2       70
                                      1987
  MINIMUM         66    739 PM  43    1983  61      5       59
  AVERAGE         74                        70      4       65

PRECIPITATION (IN)
  YESTERDAY        3.18          4.50 1973   0.11   3.07     0.19
  MONTH TO DATE    7.31                      1.72   5.59     1.30
  SINCE MAR 1     13.69                      4.92   8.77     3.84
  SINCE JAN 1     19.57                     12.00   7.57     6.46

SNOWFALL (IN)
  YESTERDAY        0.0          MM      MM
  MONTH TO DATE    0.0
  SINCE MAR 1      0.0
  SINCE JUL 1      0.0

DEGREE DAYS
 HEATING
  YESTERDAY        0                         1     -1        0
  MONTH TO DATE    0                        24    -24       31
  SINCE MAR 1    115                       145    -30      218
  SINCE JUL 1   1300                      1215     85     1545

 COOLING
  YESTERDAY        9                         6      3        0
  MONTH TO DATE  152                        81     71       61
  SINCE MAR 1    227                       150     77       99
  SINCE JAN 1    237                       188     49      138
..................................................................


WIND (MPH)
  HIGHEST WIND SPEED    47   HIGHEST WIND DIRECTION     W (280)
  HIGHEST GUST SPEED    61   HIGHEST GUST DIRECTION     W (280)


RELATIVE HUMIDITY (PERCENT)
 HIGHEST   100
 LOWEST     62
 AVERAGE    81

..........................................................


THE HOUSTON/HOBBY AIRPORT CLIMATE NORMALS FOR TODAY
                         NORMAL    RECORD    YEAR
 MAXIMUM TEMPERATURE (F)   79        91      1987
 MINIMUM TEMPERATURE (F)   62        46      1940


SUNRISE AND SUNSET
APRIL 18 2015.........SUNRISE   652 AM CDT   SUNSET   750 PM CDT
APRIL 19 2015.........SUNRISE   651 AM CDT   SUNSET   750 PM CDT


-  INDICATES NEGATIVE NUMBERS.
R  INDICATES RECORD WAS SET OR TIED.
MM INDICATES DATA IS MISSING.
T  INDICATES TRACE AMOUNT.
...........................................................

...MISCELLANEOUS CLIMATE DATA FOR YESTERDAY...

LOCATION                        HIGH    LOW     PRECIP

PEARLAND                         84      68      0.14 EQPT OUTAGE
SUGAR LAND                       82      66      4.24
TOMBALL                          83      64      1.11
CONROE                           81      62      0.96
HUNTSVILLE                       79      65      0.28
ANGLETON/LAKE JACKSON            79      64      0.46
PALACIOS                         81      69      0.25
LEAGUE CITY (NWS)                81      65      1.33


THIS PRODUCT...ALONG WITH OTHER WEATHER...HYDROLOGIC...AND CLIMATE
PRODUCTS...IS AVAILABLE ON THE WEB AT HTTP://WWW.SRH.NOAA.GOV/HGX
OR AT HTTP://WEATHER.GOV

$$
