000
CDUS44 KLZK 032058
CLIHRO


CLIMATE REPORT
NATIONAL WEATHER SERVICE LITTLE ROCK AR
358 PM CDT SUN MAY 3 2015


...................................

...THE HARRISON CLIMATE SUMMARY FOR MAY 3 2015...
VALID TODAY AS OF 0300 PM LOCAL TIME.

CLIMATE NORMAL PERIOD 1981 TO 2010
CLIMATE RECORD PERIOD 1891 TO 2015


WEATHER ITEM   OBSERVED TIME   RECORD YEAR NORMAL DEPARTURE LAST
                VALUE   (LST)  VALUE       VALUE  FROM      YEAR
                                                  NORMAL
..................................................................
TEMPERATURE (F)
 TODAY
  MAXIMUM         80    148 PM  90    1952  73      7       82
  MINIMUM         51    501 AM  30    1929  52     -1       43
  AVERAGE         66                        63      3       63

PRECIPITATION (IN)
  TODAY            0.00          2.09 1990   0.18  -0.18     0.00
  MONTH TO DATE    0.00                      0.51  -0.51     0.00
  SINCE MAR 1      8.70                      8.62   0.08     8.99
  SINCE JAN 1     12.24                     13.82  -1.58    10.94

SNOWFALL (IN)
  TODAY            0.0          MM      MM   0.0    0.0      0.0
  MONTH TO DATE    0.0                       0.0    0.0      0.0
  SINCE MAR 1      4.3                       2.3    2.0     10.0
  SINCE JUL 1     13.6                      11.5    2.1     25.8
  SNOW DEPTH       0

DEGREE DAYS
 HEATING
  TODAY            0                         4     -4        2
  MONTH TO DATE   10                        12     -2       26
  SINCE MAR 1    713                       761    -48      857
  SINCE JUL 1   4108                      3933    175     4392

 COOLING
  TODAY            1                         2     -1        0
  MONTH TO DATE    1                         6     -5        0
  SINCE MAR 1     26                        43    -17       18
  SINCE JAN 1     26                        43    -17       18
..................................................................


WIND (MPH)
  HIGHEST WIND SPEED    17   HIGHEST WIND DIRECTION     S (170)
  HIGHEST GUST SPEED    22   HIGHEST GUST DIRECTION     S (170)
  AVERAGE WIND SPEED     7.4


SKY COVER
  POSSIBLE SUNSHINE  MM
  AVERAGE SKY COVER 0.1


WEATHER CONDITIONS
 THE FOLLOWING WEATHER WAS RECORDED TODAY.
  NO SIGNIFICANT WEATHER WAS OBSERVED.


RELATIVE HUMIDITY (PERCENT)
 HIGHEST    89           400 AM
 LOWEST     42          1200 PM
 AVERAGE    66

..........................................................


THE HARRISON CLIMATE NORMALS FOR TOMORROW
                         NORMAL    RECORD    YEAR
 MAXIMUM TEMPERATURE (F)   73        92      2014
 MINIMUM TEMPERATURE (F)   52        30      1907


SUNRISE AND SUNSET
MAY  3 2015...........SUNRISE   618 AM CDT   SUNSET   802 PM CDT
MAY  4 2015...........SUNRISE   617 AM CDT   SUNSET   803 PM CDT


-  INDICATES NEGATIVE NUMBERS.
R  INDICATES RECORD WAS SET OR TIED.
MM INDICATES DATA IS MISSING.
T  INDICATES TRACE AMOUNT.




$$
