000
CDUS43 KGID 062306
CLIHSI


CLIMATE REPORT
NATIONAL WEATHER SERVICE HASTINGS NE
604 PM CDT WED MAY 6 2015


...................................

...THE HASTINGS NE CLIMATE SUMMARY FOR MAY 6 2015...
VALID TODAY AS OF 0500 PM LOCAL TIME.

CLIMATE NORMAL PERIOD 1981 TO 2010
CLIMATE RECORD PERIOD 1894 TO 2015


WEATHER ITEM   OBSERVED TIME   RECORD YEAR NORMAL DEPARTURE LAST
                VALUE   (LST)  VALUE       VALUE  FROM      YEAR
                                                  NORMAL
..................................................................
TEMPERATURE (F)
 TODAY
  MAXIMUM         69    127 PM  98    1916  69      0       84
  MINIMUM         60    902 AM  25    1944  47     13       44
  AVERAGE         65                        58      7       64

PRECIPITATION (IN)
  TODAY            0.56          1.93 1972   0.17   0.39     0.00
  MONTH TO DATE    0.75                      0.97  -0.22     0.00
  SINCE MAR 1      4.50                      5.32  -0.82     4.08
  SINCE JAN 1      5.61                      6.22  -0.61     4.79

SNOWFALL (IN)
  TODAY            0.0           T    1915   0.0    0.0      0.0
  MONTH TO DATE    0.0                       0.0    0.0      0.0
  SINCE MAR 1      0.8                       6.4   -5.6      3.4
  SINCE JUL 1     17.0                      28.8  -11.8     21.7
  SNOW DEPTH       0

DEGREE DAYS
 HEATING
  TODAY            0                         8     -8        1
  MONTH TO DATE    6                        52    -46       42
  SINCE MAR 1    997                      1261   -264     1305
  SINCE JUL 1   5620                      5891   -271     6185

 COOLING
  TODAY            0                         1     -1        0
  MONTH TO DATE   18                         4     14        0
  SINCE MAR 1     22                         9     13        8
  SINCE JAN 1     22                         9     13        8
..................................................................


WIND (MPH)
  HIGHEST WIND SPEED    23   HIGHEST WIND DIRECTION     E (110)
  HIGHEST GUST SPEED    33   HIGHEST GUST DIRECTION     E (110)
  AVERAGE WIND SPEED    12.9


SKY COVER
  AVERAGE SKY COVER 0.8


WEATHER CONDITIONS
 THE FOLLOWING WEATHER WAS RECORDED TODAY.
  THUNDERSTORM
  HEAVY RAIN
  RAIN
  LIGHT RAIN
  FOG


RELATIVE HUMIDITY (PERCENT)
 HIGHEST    90           200 AM
 LOWEST     81           200 PM
 AVERAGE    86

..........................................................


THE HASTINGS NE CLIMATE NORMALS FOR TOMORROW
                         NORMAL    RECORD    YEAR
 MAXIMUM TEMPERATURE (F)   69        97      1934
                                             1916
 MINIMUM TEMPERATURE (F)   47        32      1947


SUNRISE AND SUNSET
MAY  6 2015...........SUNRISE   627 AM CDT   SUNSET   835 PM CDT
MAY  7 2015...........SUNRISE   626 AM CDT   SUNSET   836 PM CDT


-  INDICATES NEGATIVE NUMBERS.
R  INDICATES RECORD WAS SET OR TIED.
MM INDICATES DATA IS MISSING.
T  INDICATES TRACE AMOUNT.




$$
