000
CDUS43 KAPX 270606
CLIHTL


CLIMATE REPORT
NATIONAL WEATHER SERVICE GAYLORD MI
206 AM EDT MON APR 27 2015


...................................

...THE HOUGHTON LAKE MI CLIMATE SUMMARY FOR APRIL 26 2015...

CLIMATE NORMAL PERIOD 1981 TO 2010
CLIMATE RECORD PERIOD 1913 TO 2015


WEATHER ITEM   OBSERVED TIME   RECORD YEAR NORMAL DEPARTURE LAST
                VALUE   (LST)  VALUE       VALUE  FROM      YEAR
                                                  NORMAL
..................................................................
TEMPERATURE (F)
 YESTERDAY
  MAXIMUM         56   1225 PM  86    1948  59     -3       44
  MINIMUM         28   1250 AM  16    1933  35     -7       34
  AVERAGE         42                        47     -5       39

PRECIPITATION (IN)
  YESTERDAY        0.00          1.05 2011   0.08  -0.08      T
  MONTH TO DATE    2.26                      2.16   0.10     4.80
  SINCE MAR 1      2.73                      4.00  -1.27     5.95
  SINCE JAN 1      4.54                      6.72  -2.18     8.75

SNOWFALL (IN)
  YESTERDAY        0.0           3.0  1966   0.0    0.0       T
  MONTH TO DATE    1.0                       3.6   -2.6      3.5
  SINCE OCT 1     44.2                      66.4  -22.2     61.9
  SINCE JUL 1     44.2                      66.4  -22.2     61.9
  SNOW DEPTH       0

DEGREE DAYS
 HEATING
  YESTERDAY       23                        18      5       26
  MONTH TO DATE  616                       607      9      643
  SINCE MAR 1   1783                      1720     63     2049
  SINCE JUL 1   8150                      7592    558     8497

 COOLING
  YESTERDAY        0                         0      0        0
  MONTH TO DATE    0                         0      0        0
  SINCE MAR 1      0                         0      0        0
  SINCE JAN 1      0                         0      0        0
..................................................................


WIND (MPH)
  HIGHEST WIND SPEED    17   HIGHEST WIND DIRECTION     N (340)
  HIGHEST GUST SPEED    28   HIGHEST GUST DIRECTION    NW (320)
  AVERAGE WIND SPEED     8.6




RELATIVE HUMIDITY (PERCENT)
 HIGHEST    85
 LOWEST     32
 AVERAGE    59

..........................................................


THE HOUGHTON LAKE MI CLIMATE NORMALS FOR TODAY
                         NORMAL    RECORD    YEAR
 MAXIMUM TEMPERATURE (F)   60        84      1990
                                             1986
 MINIMUM TEMPERATURE (F)   36        16      1917


SUNRISE AND SUNSET
APRIL 27 2015.........SUNRISE   636 AM EDT   SUNSET   838 PM EDT
APRIL 28 2015.........SUNRISE   634 AM EDT   SUNSET   839 PM EDT


-  INDICATES NEGATIVE NUMBERS.
R  INDICATES RECORD WAS SET OR TIED.
MM INDICATES DATA IS MISSING.
T  INDICATES TRACE AMOUNT.




$$
