000
CDUS41 KCAR 020529
CLIHUL


CLIMATE REPORT
NATIONAL WEATHER SERVICE CARIBOU, ME
127 AM EDT THU APR 2 2015


...................................

...THE HOULTON ME CLIMATE SUMMARY FOR APRIL 1 2015...

CLIMATE NORMAL PERIOD 1981 TO 2010
CLIMATE RECORD PERIOD 1948 TO 2015


WEATHER ITEM   OBSERVED TIME   RECORD YEAR NORMAL DEPARTURE LAST
                VALUE   (LST)  VALUE       VALUE  FROM      YEAR
                                                  NORMAL
..................................................................
TEMPERATURE (F)
 YESTERDAY
  MAXIMUM         31    420 PM  60    1986  42    -11       46
  MINIMUM         16    519 AM  -1    1969  22     -6       20
  AVERAGE         24                        32     -8       33

PRECIPITATION (IN)
  YESTERDAY        0.00          0.88 1962   0.12  -0.12     0.00
  MONTH TO DATE    0.00                      0.12  -0.12     0.00
  SINCE MAR 1      0.71                      2.71  -2.00     2.48
  SINCE JAN 1      2.81                      7.57  -4.76     8.06

SNOWFALL (IN)
  YESTERDAY       MM             3.6  1993   0.3   MM       MM
  MONTH TO DATE   MM                         0.3   MM       MM
  SINCE MAR 1     MM                        18.1   MM       MM
  SINCE JUL 1     MM                        83.7   MM       MM
  SNOW DEPTH      MM

DEGREE DAYS
 HEATING
  YESTERDAY       41                        33      8       32
  MONTH TO DATE   41                        33      8       32
  SINCE MAR 1   1437                      1256    181     1533
  SINCE JUL 1   8005                      7829    176     8123

 COOLING
  YESTERDAY        0                         0      0        0
  MONTH TO DATE    0                         0      0        0
  SINCE MAR 1      0                         0      0        0
  SINCE JAN 1      0                         0      0        0
..................................................................


WIND (MPH)
  HIGHEST WIND SPEED    21   HIGHEST WIND DIRECTION     N (340)
  HIGHEST GUST SPEED    29   HIGHEST GUST DIRECTION     N (340)
  AVERAGE WIND SPEED     9.0


SKY COVER
  POSSIBLE SUNSHINE  MM
  AVERAGE SKY COVER 0.0


WEATHER CONDITIONS
 THE FOLLOWING WEATHER WAS RECORDED YESTERDAY.
  NO SIGNIFICANT WEATHER WAS OBSERVED.


RELATIVE HUMIDITY (PERCENT)
 HIGHEST    68          1200 AM
 LOWEST     25           400 PM
 AVERAGE    47

..........................................................


THE HOULTON ME CLIMATE NORMALS FOR TODAY
                         NORMAL    RECORD    YEAR
 MAXIMUM TEMPERATURE (F)   43        70      2010
                                             1945
 MINIMUM TEMPERATURE (F)   23        -2      2003


SUNRISE AND SUNSET
APRIL  2 2015.........SUNRISE   610 AM EDT   SUNSET   701 PM EDT
APRIL  3 2015.........SUNRISE   608 AM EDT   SUNSET   702 PM EDT


-  INDICATES NEGATIVE NUMBERS.
R  INDICATES RECORD WAS SET OR TIED.
MM INDICATES DATA IS MISSING.
T  INDICATES TRACE AMOUNT.




$$
