000
CDUS43 KUNR 040834
CLIIEN


CLIMATE REPORT
NATIONAL WEATHER SERVICE RAPID CITY SD
232 AM MDT MON MAY 4 2015


...................................

...THE PINE RIDGE SD CLIMATE SUMMARY FOR MAY 3 2015...

CLIMATE NORMAL PERIOD 1981 TO 2010
CLIMATE RECORD PERIOD 9999 TO 9999


WEATHER ITEM   OBSERVED TIME   NORMAL DEPARTURE LAST
                VALUE   (LST)  VALUE  FROM      YEAR
                                      NORMAL
......................................................
TEMPERATURE (F)
 YESTERDAY
  MAXIMUM         71    239 PM  66      5       74
  MINIMUM         39    352 AM  37      2       33
  AVERAGE         55            51      4       54

PRECIPITATION (IN)
  YESTERDAY        0.00          0.10  -0.10     0.00
  MONTH TO DATE    0.00          0.31  -0.31     0.00
  SINCE MAR 1      2.06          3.09  -1.03     3.50
  SINCE JAN 1      2.52          3.88  -1.36     3.77

DEGREE DAYS
 HEATING
  YESTERDAY       10            14     -4       11
  MONTH TO DATE   23            43    -20       49
  SINCE MAR 1   1283          1513   -230     1604
  SINCE JUL 1   6493          6863   -370     7086

 COOLING
  YESTERDAY        0             0      0        0
  MONTH TO DATE    0             0      0        0
  SINCE MAR 1      0             0      0        1
  SINCE JAN 1      0             0      0        1
......................................................


WIND (MPH)
  HIGHEST WIND SPEED    28   HIGHEST WIND DIRECTION    NE (30)
  HIGHEST GUST SPEED    35   HIGHEST GUST DIRECTION    NE (30)
  AVERAGE WIND SPEED     9.8


SKY COVER
  AVERAGE SKY COVER 0.0


WEATHER CONDITIONS
 THE FOLLOWING WEATHER WAS RECORDED YESTERDAY.
  NO SIGNIFICANT WEATHER WAS OBSERVED.


RELATIVE HUMIDITY (PERCENT)
 HIGHEST    85           400 AM
 LOWEST     31           100 PM
 AVERAGE    58

..........................................................




SUNRISE AND SUNSET
MAY  4 2015...........SUNRISE   540 AM MDT   SUNSET   754 PM MDT
MAY  5 2015...........SUNRISE   539 AM MDT   SUNSET   755 PM MDT


-  INDICATES NEGATIVE NUMBERS.
R  INDICATES RECORD WAS SET OR TIED.
MM INDICATES DATA IS MISSING.
T  INDICATES TRACE AMOUNT.




$$
