000
CDUS45 KVEF 050830
CLIIGM


CLIMATE REPORT
NATIONAL WEATHER SERVICE LAS VEGAS, NV
129 AM PDT TUE MAY 5 2015


...................................

...THE KINGMAN AZ CLIMATE SUMMARY FOR MAY 4 2015...

CLIMATE NORMAL PERIOD 1981 TO 2010
CLIMATE RECORD PERIOD 1901 TO 2015


WEATHER ITEM   OBSERVED TIME   RECORD YEAR NORMAL DEPARTURE LAST
                VALUE   (LST)  VALUE       VALUE  FROM      YEAR
                                                  NORMAL
..................................................................
TEMPERATURE (F)
 YESTERDAY
  MAXIMUM         72   1228 PM 102    1947  80     -8       89
  MINIMUM         54    547 AM  30    1908  49      5       57
  AVERAGE         63                        65     -2       73

PRECIPITATION (IN)
  YESTERDAY        0.03          0.63 1992   0.01   0.02     0.00
  MONTH TO DATE    0.03                      0.04  -0.01     0.00
  SINCE OCT 1      4.97                      5.47  -0.50     1.67
  SINCE JAN 1      2.84                      3.37  -0.53     0.79

DEGREE DAYS
 HEATING
  YESTERDAY        2                         3     -1        0
  MONTH TO DATE    2                        13    -11        1
  SINCE MAR 1    464                       646   -182      471
  SINCE JUL 1   2444                      3059   -615     2793

 COOLING
  YESTERDAY        0                         3     -3        8
  MONTH TO DATE   20                        11      9       20
  SINCE MAR 1     38                        42     -4       53
  SINCE JAN 1     38                        42     -4       53
..................................................................


WIND (MPH)
  RESULTANT WIND SPEED   5   RESULTANT WIND DIRECTION  SE (130)
  HIGHEST WIND SPEED    26   HIGHEST WIND DIRECTION     N (20)
  HIGHEST GUST SPEED    31   HIGHEST GUST DIRECTION    NE (30)
  AVERAGE WIND SPEED    11.5


SKY COVER
  POSSIBLE SUNSHINE  MM
  AVERAGE SKY COVER 0.6


WEATHER CONDITIONS
 THE FOLLOWING WEATHER WAS RECORDED YESTERDAY.
  LIGHT RAIN


RELATIVE HUMIDITY (PERCENT)
 HIGHEST    80           400 PM
 LOWEST     32          1200 AM
 AVERAGE    56

..........................................................


THE KINGMAN AZ CLIMATE NORMALS FOR TODAY
                         NORMAL    RECORD    YEAR
 MAXIMUM TEMPERATURE (F)   81       100      1947
 MINIMUM TEMPERATURE (F)   50        33      1915


SUNRISE AND SUNSET
MAY  5 2015...........SUNRISE   541 AM MST   SUNSET   725 PM MST
MAY  6 2015...........SUNRISE   540 AM MST   SUNSET   726 PM MST


-  INDICATES NEGATIVE NUMBERS.
R  INDICATES RECORD WAS SET OR TIED.
MM INDICATES DATA IS MISSING.
T  INDICATES TRACE AMOUNT.




$$
