000
CDUS44 KJAN 260838
CLIJAN


CLIMATE REPORT
NATIONAL WEATHER SERVICE JACKSON MS
336 AM CDT SUN APR 26 2015


...................................

...THE JACKSON CLIMATE SUMMARY FOR APRIL 25 2015...

CLIMATE NORMAL PERIOD 1981 TO 2010
CLIMATE RECORD PERIOD 1896 TO 2015


WEATHER ITEM   OBSERVED TIME   RECORD YEAR NORMAL DEPARTURE LAST
                VALUE   (LST)  VALUE       VALUE  FROM      YEAR
                                                  NORMAL
..................................................................
TEMPERATURE (F)
 YESTERDAY
  MAXIMUM         81    418 PM  90    1925  78      3       80
  MINIMUM         65    524 AM  31    1910  55     10       55
  AVERAGE         73                        66      7       68

PRECIPITATION (IN)
  YESTERDAY        0.29          3.48 1929   0.15   0.14     0.09
  MONTH TO DATE    3.75                      4.27  -0.52    10.51
  SINCE MAR 1     11.02                      9.31   1.71    16.16
  SINCE JAN 1     21.22                     19.04   2.18    23.21

SNOWFALL (IN)
  YESTERDAY        0.0           0.0    MM   0.0    0.0      0.0
  MONTH TO DATE    0.0                       0.0    0.0      0.0
  SINCE MAR 1      0.3                       0.1    0.2       T
  SINCE JUL 1      0.3                       0.8   -0.5      0.8

DEGREE DAYS
 HEATING
  YESTERDAY        0                         2     -2        0
  MONTH TO DATE   20                       100    -80      108
  SINCE MAR 1    215                       378   -163      451
  SINCE JUL 1   2341                      2370    -29     2717

 COOLING
  YESTERDAY        8                         3      5        3
  MONTH TO DATE  128                        60     68       49
  SINCE MAR 1    165                        87     78       53
  SINCE JAN 1    165                        97     68       59
..................................................................


WIND (MPH)
  HIGHEST WIND SPEED    25   HIGHEST WIND DIRECTION     W (290)
  HIGHEST GUST SPEED    35   HIGHEST GUST DIRECTION     W (280)
  AVERAGE WIND SPEED     8.9


SKY COVER
  POSSIBLE SUNSHINE  MM
  AVERAGE SKY COVER 0.6


WEATHER CONDITIONS
 THE FOLLOWING WEATHER WAS RECORDED YESTERDAY.
  THUNDERSTORM
  HEAVY RAIN
  RAIN
  LIGHT RAIN
  FOG


RELATIVE HUMIDITY (PERCENT)
 HIGHEST   100           400 AM
 LOWEST     54           400 PM
 AVERAGE    77

..........................................................


THE JACKSON CLIMATE NORMALS FOR TODAY
                         NORMAL    RECORD    YEAR
 MAXIMUM TEMPERATURE (F)   78        90      1989
                                             1925
 MINIMUM TEMPERATURE (F)   55        36      1910


SUNRISE AND SUNSET
APRIL 26 2015.........SUNRISE   619 AM CDT   SUNSET   738 PM CDT
APRIL 27 2015.........SUNRISE   618 AM CDT   SUNSET   738 PM CDT


-  INDICATES NEGATIVE NUMBERS.
R  INDICATES RECORD WAS SET OR TIED.
MM INDICATES DATA IS MISSING.
T  INDICATES TRACE AMOUNT.

AT 3 AM:

THE PEARL RIVER STAGE AT JACKSON WAS 18.3 FEET. THE RIVER HAS FALLEN
2.8 FEET OVER THE LAST 24 HOURS.

THE MISSISSIPPI RIVER STAGE AT VICKSBURG WAS 41.6 FEET. THE RIVER
HAS RISEN 0.3 FEET OVER THE LAST 24 HOURS.


$$
