000
CDUS42 KJAX 062135
CLIJAX


CLIMATE REPORT
NATIONAL WEATHER SERVICE JACKSONVILLE FL
535 PM EDT WED MAY 6 2015


...................................

...THE JACKSONVILLE CLIMATE SUMMARY FOR MAY 6 2015...
VALID TODAY AS OF 0500 PM LOCAL TIME.

CLIMATE NORMAL PERIOD 1981 TO 2010
CLIMATE RECORD PERIOD 1871 TO 2015


WEATHER ITEM   OBSERVED TIME   RECORD YEAR NORMAL DEPARTURE LAST
                VALUE   (LST)  VALUE       VALUE  FROM      YEAR
                                                  NORMAL
..................................................................
TEMPERATURE (F)
 TODAY
  MAXIMUM         80    304 PM  96    2012  84     -4       90
  MINIMUM         66    616 AM  45    1973  60      6       60
  AVERAGE         73                        72      1       75

PRECIPITATION (IN)
  TODAY            T             1.64 1873   0.07  -0.07     0.00
  MONTH TO DATE    T                         0.38  -0.38     1.44
  SINCE MAR 1      4.96                      6.97  -2.01    12.08
  SINCE JAN 1     11.36                     13.46  -2.10    21.79

SNOWFALL (IN)
  TODAY            0.0           0.0  2002   0.0    0.0      0.0
                                      2001
  MONTH TO DATE    0.0                       0.0    0.0      0.0
  SINCE MAR 1      0.0                       T      0.0      0.0
  SINCE JUL 1      T                         T      0.0      0.0
  SNOW DEPTH       0

DEGREE DAYS
 HEATING
  TODAY            0                         0      0        0
  MONTH TO DATE    2                         3     -1        5
  SINCE MAR 1     89                       214   -125      231
  SINCE JUL 1   1337                      1347    -10     1308

 COOLING
  TODAY            8                         7      1       10
  MONTH TO DATE   17                        39    -22       34
  SINCE MAR 1    340                       206    134      203
  SINCE JAN 1    353                       235    118      233
..................................................................


WIND (MPH)
  HIGHEST WIND SPEED    22   HIGHEST WIND DIRECTION    NE (50)
  HIGHEST GUST SPEED    26   HIGHEST GUST DIRECTION    NE (60)
  AVERAGE WIND SPEED    11.0


SKY COVER
  POSSIBLE SUNSHINE  MM
  AVERAGE SKY COVER 0.8


WEATHER CONDITIONS
 THE FOLLOWING WEATHER WAS RECORDED TODAY.
  LIGHT RAIN
  FOG


RELATIVE HUMIDITY (PERCENT)
 HIGHEST    93           300 AM
 LOWEST     62           100 PM
 AVERAGE    78

..........................................................


THE JACKSONVILLE CLIMATE NORMALS FOR TOMORROW
                         NORMAL    RECORD    YEAR
 MAXIMUM TEMPERATURE (F)   84        94      1977
 MINIMUM TEMPERATURE (F)   60        49      2011
                                             1992


SUNRISE AND SUNSET
MAY  6 2015...........SUNRISE   639 AM EDT   SUNSET   808 PM EDT
MAY  7 2015...........SUNRISE   638 AM EDT   SUNSET   809 PM EDT


-  INDICATES NEGATIVE NUMBERS.
R  INDICATES RECORD WAS SET OR TIED.
MM INDICATES DATA IS MISSING.
T  INDICATES TRACE AMOUNT.




$$
