000
CDUS44 KMEG 050636
CLIJBR


CLIMATE REPORT
NATIONAL WEATHER SERVICE MEMPHIS TN
136 AM CDT TUE MAY 5 2015


...................................

...THE JONESBORO CLIMATE SUMMARY FOR MAY 4 2015...

CLIMATE NORMAL PERIOD 1981 TO 2010
CLIMATE RECORD PERIOD 1897 TO 2015


WEATHER ITEM   OBSERVED TIME   RECORD YEAR NORMAL DEPARTURE LAST
                VALUE   (LST)  VALUE       VALUE  FROM      YEAR
                                                  NORMAL
..................................................................
TEMPERATURE (F)
 YESTERDAY
  MAXIMUM         83    315 PM  94    1906  76      7       89
                                      1901
  MINIMUM         53    532 AM  35    2013  55     -2       59
  AVERAGE         68                        66      2       74

PRECIPITATION (IN)
  YESTERDAY        0.00          2.50 1906   0.21  -0.21     0.00
  MONTH TO DATE    0.00                      0.78  -0.78     0.00
  SINCE MAR 1     13.14                     10.30   2.84    11.99
  SINCE JAN 1     17.97                     17.45   0.52    16.70

SNOWFALL (IN)
  YESTERDAY        0.0          MM      MM   0.0    0.0      0.0
  MONTH TO DATE    0.0                       0.0    0.0      0.0
  SINCE MAR 1      7.6                       0.7    6.9      3.2
  SINCE JUL 1      9.4                       4.8    4.6      5.2
  SNOW DEPTH       0

DEGREE DAYS
 HEATING
  YESTERDAY        0                         2     -2        0
  MONTH TO DATE   17                        10      7       20
  SINCE MAR 1    734                       669     65      841
  SINCE JUL 1   3982                      3625    357     4106

 COOLING
  YESTERDAY        3                         3      0        9
  MONTH TO DATE    3                        10     -7        9
  SINCE MAR 1     31                        57    -26       30
  SINCE JAN 1     31                        57    -26       30
..................................................................


WIND (MPH)
  HIGHEST WIND SPEED    20   HIGHEST WIND DIRECTION     S (200)
  HIGHEST GUST SPEED    25   HIGHEST GUST DIRECTION     S (200)
  AVERAGE WIND SPEED     6.9


SKY COVER
  POSSIBLE SUNSHINE  MM
  AVERAGE SKY COVER 0.0


WEATHER CONDITIONS
 THE FOLLOWING WEATHER WAS RECORDED YESTERDAY.
  NO SIGNIFICANT WEATHER WAS OBSERVED.


RELATIVE HUMIDITY (PERCENT)
 HIGHEST   100           400 AM
 LOWEST     37           400 PM
 AVERAGE    69

..........................................................


THE JONESBORO CLIMATE NORMALS FOR TODAY
                         NORMAL    RECORD    YEAR
 MAXIMUM TEMPERATURE (F)   76        94      1959
 MINIMUM TEMPERATURE (F)   55        36      1917
                                             1907


SUNRISE AND SUNSET
MAY  5 2015...........SUNRISE   606 AM CDT   SUNSET   753 PM CDT
MAY  6 2015...........SUNRISE   605 AM CDT   SUNSET   754 PM CDT


-  INDICATES NEGATIVE NUMBERS.
R  INDICATES RECORD WAS SET OR TIED.
MM INDICATES DATA IS MISSING.
T  INDICATES TRACE AMOUNT.




$$
