000
CDUS43 KJKL 270914
CLIJKL

CLIMATE REPORT
NATIONAL WEATHER SERVICE JACKSON KY
514 AM EDT MON APR 27 2015

...................................

...THE JACKSON KY CLIMATE SUMMARY FOR APRIL 26 2015...

CLIMATE NORMAL PERIOD 1981 TO 2010
CLIMATE RECORD PERIOD 1981 TO 2015


WEATHER ITEM   OBSERVED TIME   RECORD YEAR NORMAL DEPARTURE LAST
                VALUE   (LST)  VALUE       VALUE  FROM      YEAR
                                                  NORMAL
..................................................................

TEMPERATURE (F)
 YESTERDAY
  MAXIMUM         63    506 PM  90    1986  71     -8       80
  MINIMUM         43    806 AM  39    2002  50     -7       47
  AVERAGE         53                        60     -7       64

PRECIPITATION (IN)
  YESTERDAY        0.14          0.66 1996   0.14   0.00     0.00
  MONTH TO DATE   10.11                      3.29   6.82     3.39
  SINCE MAR 1     16.37                      7.41   8.96     8.90
  SINCE JAN 1     22.55                     14.77   7.78    16.52

SNOWFALL (IN)
  YESTERDAY        0.0           0.0  2002   0.0    0.0      0.0
  MONTH TO DATE    0.0                       1.0   -1.0      1.0
  SINCE MAR 1      3.7                       3.9   -0.2     11.9
  SINCE JUL 1     29.1                      23.5    5.6     38.9
  SNOW DEPTH       0

DEGREE DAYS
 HEATING
  YESTERDAY       12                         6      6        1
  MONTH TO DATE  166                       246    -80      153
  SINCE MAR 1    714                       799    -85      820
  SINCE JUL 1   4479                      4099    380     4421

 COOLING
  YESTERDAY        0                         2     -2        0
  MONTH TO DATE   25                        33     -8       28
  SINCE MAR 1     25                        40    -15       28
  SINCE JAN 1     25                        40    -15       28
..................................................................

WIND (MPH)
  HIGHEST WIND SPEED    10   HIGHEST WIND DIRECTION    NW (320)
  HIGHEST GUST SPEED    17   HIGHEST GUST DIRECTION    NW (330)
  AVERAGE WIND SPEED     2.6


SKY COVER
  POSSIBLE SUNSHINE  MM
  AVERAGE SKY COVER 0.6


WEATHER CONDITIONS
 THE FOLLOWING WEATHER WAS RECORDED YESTERDAY.
  RAIN
  LIGHT RAIN
  FOG
  FOG W/VISIBILITY <= 1/4 MILE


RELATIVE HUMIDITY (PERCENT)
 HIGHEST   100           200 AM
 LOWEST     32           500 PM
 AVERAGE    66
..........................................................

THE JACKSON KY CLIMATE NORMALS FOR TODAY
                         NORMAL    RECORD    YEAR
 MAXIMUM TEMPERATURE (F)   71        92      1986
 MINIMUM TEMPERATURE (F)   50        36      1993


SUNRISE AND SUNSET
APRIL 27 2015.........SUNRISE   643 AM EDT   SUNSET   819 PM EDT
APRIL 28 2015.........SUNRISE   642 AM EDT   SUNSET   820 PM EDT


-  INDICATES NEGATIVE NUMBERS.
R  INDICATES RECORD WAS SET OR TIED.
MM INDICATES DATA IS MISSING.
T  INDICATES TRACE AMOUNT.
$$
