000
CDUS45 KVEF 250826
CLILAS


CLIMATE REPORT
NATIONAL WEATHER SERVICE LAS VEGAS, NV
126 AM PDT SAT APR 25 2015


...................................

...THE LAS VEGAS NV CLIMATE SUMMARY FOR APRIL 24 2015...

CLIMATE NORMAL PERIOD 1981 TO 2010
CLIMATE RECORD PERIOD 1937 TO 2015


WEATHER ITEM   OBSERVED TIME   RECORD YEAR NORMAL DEPARTURE LAST
                VALUE   (LST)  VALUE       VALUE  FROM      YEAR
                                                  NORMAL
..................................................................
TEMPERATURE (F)
 YESTERDAY
  MAXIMUM         77    447 PM  99    1946  81     -4       85
  MINIMUM         59    506 AM  38    1937  59      0       57
  AVERAGE         68                        70     -2       71

PRECIPITATION (IN)
  YESTERDAY        0.00          0.15 1999   0.00   0.00     0.00
  MONTH TO DATE    T                         0.13  -0.13      T
  SINCE OCT 1      1.99                      3.00  -1.01     1.72
  SINCE JAN 1      1.69                      1.87  -0.18     0.30

SNOWFALL (IN)
  YESTERDAY        0.0           T    1964   0.0    0.0      0.0
  MONTH TO DATE    0.0                       0.0    0.0      0.0
  SINCE MAR 1      0.0                       0.0    0.0      0.0
  SINCE JUL 1      T                         0.3   -0.3      0.0
  SNOW DEPTH       0

DEGREE DAYS
 HEATING
  YESTERDAY        0                         1     -1        0
  MONTH TO DATE   24                        58    -34       35
  SINCE MAR 1    100                       247   -147      120
  SINCE JUL 1   1207                      1938   -731     1506

 COOLING
  YESTERDAY        3                         6     -3        6
  MONTH TO DATE   98                        87     11      176
  SINCE MAR 1    236                       117    119      207
  SINCE JAN 1    246                       118    128      210
..................................................................


WIND (MPH)
  RESULTANT WIND SPEED  17   RESULTANT WIND DIRECTION   S (200)
  HIGHEST WIND SPEED    28   HIGHEST WIND DIRECTION    SW (210)
  HIGHEST GUST SPEED    37   HIGHEST GUST DIRECTION     S (200)
  AVERAGE WIND SPEED    17.3


SKY COVER
  POSSIBLE SUNSHINE  MM
  AVERAGE SKY COVER 0.4


WEATHER CONDITIONS
 THE FOLLOWING WEATHER WAS RECORDED YESTERDAY.
  NO SIGNIFICANT WEATHER WAS OBSERVED.


RELATIVE HUMIDITY (PERCENT)
 HIGHEST    47           500 AM
 LOWEST     21           400 PM
 AVERAGE    34

..........................................................


THE LAS VEGAS NV CLIMATE NORMALS FOR TODAY
                         NORMAL    RECORD    YEAR
 MAXIMUM TEMPERATURE (F)   81        96      1946
 MINIMUM TEMPERATURE (F)   59        37      1960


SUNRISE AND SUNSET
APRIL 25 2015.........SUNRISE   555 AM PDT   SUNSET   723 PM PDT
APRIL 26 2015.........SUNRISE   554 AM PDT   SUNSET   724 PM PDT


-  INDICATES NEGATIVE NUMBERS.
R  INDICATES RECORD WAS SET OR TIED.
MM INDICATES DATA IS MISSING.
T  INDICATES TRACE AMOUNT.




$$
