000
CDUS43 KLBF 180938
CLILBF

CLIMATE REPORT
NATIONAL WEATHER SERVICE NORTH PLATTE
437 AM CDT SAT APR 18 2015


...................................

...THE NORTH PLATTE NE CLIMATE SUMMARY FOR APRIL 17 2015...

CLIMATE NORMAL PERIOD 1981 TO 2010
CLIMATE RECORD PERIOD 1874 TO 2015


WEATHER ITEM   OBSERVED TIME   RECORD YEAR NORMAL DEPARTURE LAST
                VALUE   (LST)  VALUE       VALUE  FROM      YEAR
                                                  NORMAL
..................................................................
TEMPERATURE (F)
 YESTERDAY
  MAXIMUM         63    520 PM  89    1994  63      0       55
                                      1985
  MINIMUM         51    645 AM  15    1956  33     18       28
  AVERAGE         57                        48      9       42

PRECIPITATION (IN)
  YESTERDAY        0.48          1.66 1896   0.09   0.39     0.00
  MONTH TO DATE    1.22                      1.13   0.09     0.14
  SINCE MAR 1      1.23                      2.18  -0.95     0.93
  SINCE JAN 1      1.97                      3.02  -1.05     1.98

SNOWFALL (IN)
  YESTERDAY        0.0           4.0  1995   0.1   -0.1      0.0
  MONTH TO DATE    2.1                       2.3   -0.2      1.1
  SINCE MAR 1      2.4                       6.7   -4.3      7.4
  SINCE JUL 1     21.3                      27.6   -6.3     29.8
  SNOW DEPTH       0

DEGREE DAYS
 HEATING
  YESTERDAY        8                        17     -9       23
  MONTH TO DATE  256                       334    -78      355
  SINCE MAR 1    915                      1171   -256     1229
  SINCE JUL 1   5804                      6199   -395     6420

 COOLING
  YESTERDAY        0                         0      0        0
  MONTH TO DATE    2                         0      2        0
  SINCE MAR 1      2                         0      2        0
  SINCE JAN 1      2                         0      2        0
..................................................................


WIND (MPH)
  HIGHEST WIND SPEED    20   HIGHEST WIND DIRECTION     E (90)
  HIGHEST GUST SPEED    25   HIGHEST GUST DIRECTION     E (110)
  AVERAGE WIND SPEED    11.0


SKY COVER
  POSSIBLE SUNSHINE  MM
  AVERAGE SKY COVER 0.9


WEATHER CONDITIONS
 THE FOLLOWING WEATHER WAS RECORDED YESTERDAY.
  THUNDERSTORM
  RAIN
  LIGHT RAIN
  FOG


RELATIVE HUMIDITY (PERCENT)
 HIGHEST   100           300 AM
 LOWEST     72           500 PM
 AVERAGE    86

..........................................................


THE NORTH PLATTE NE CLIMATE NORMALS FOR TODAY
                         NORMAL    RECORD    YEAR
 MAXIMUM TEMPERATURE (F)   63        92      1948
 MINIMUM TEMPERATURE (F)   34        17      1953


SUNRISE AND SUNSET
APRIL 18 2015.........SUNRISE   659 AM CDT   SUNSET   826 PM CDT
APRIL 19 2015.........SUNRISE   658 AM CDT   SUNSET   827 PM CDT


-  INDICATES NEGATIVE NUMBERS.
R  INDICATES RECORD WAS SET OR TIED.
MM INDICATES DATA IS MISSING.
T  INDICATES TRACE AMOUNT.

$$
