000
CDUS44 KLCH 032209
CLILCH


CLIMATE REPORT
NATIONAL WEATHER SERVICE LAKE CHARLES, LA
509 PM CDT SUN MAY 3 2015


...................................

...THE LAKE CHARLES CLIMATE SUMMARY FOR MAY 3 2015...
VALID TODAY AS OF 0500 PM LOCAL TIME.

CLIMATE NORMAL PERIOD 1981 TO 2010
CLIMATE RECORD PERIOD 1895 TO 2015


WEATHER ITEM   OBSERVED TIME   RECORD YEAR NORMAL DEPARTURE LAST
                VALUE   (LST)  VALUE       VALUE  FROM      YEAR
                                                  NORMAL
..................................................................
TEMPERATURE (F)
 TODAY
  MAXIMUM         81    351 PM  96    1984  82     -1       84
  MINIMUM         60    538 AM  45    2013  63     -3       53
                                      1929
  AVERAGE         71                        72     -1       69

PRECIPITATION (IN)
  TODAY            0.00          4.16 2000   0.13  -0.13     0.00
  MONTH TO DATE    0.00                      0.40  -0.40      T
  SINCE MAR 1     19.39                      7.39  12.00     2.92
  SINCE JAN 1     27.87                     16.08  11.79     9.71

SNOWFALL (IN)
  TODAY            0.0           0.0    MM   0.0    0.0      0.0
  MONTH TO DATE    0.0                       0.0    0.0      0.0
  SINCE MAR 1      T                         0.0    0.0      0.0
  SINCE JUL 1      T                         0.1   -0.1      0.1
  SNOW DEPTH       0

DEGREE DAYS
 HEATING
  TODAY            0                         0      0        0
  MONTH TO DATE    0                         0      0        5
  SINCE MAR 1    105                       207   -102      304
  SINCE JUL 1   1543                      1489     54     1955

 COOLING
  TODAY            6                         8     -2        4
  MONTH TO DATE   19                        22     -3        4
  SINCE MAR 1    272                       207     65      158
  SINCE JAN 1    278                       230     48      173
..................................................................


WIND (MPH)
  HIGHEST WIND SPEED    16   HIGHEST WIND DIRECTION     S (190)
  HIGHEST GUST SPEED    20   HIGHEST GUST DIRECTION     S (180)
  AVERAGE WIND SPEED     4.9


SKY COVER
  POSSIBLE SUNSHINE  MM
  AVERAGE SKY COVER 0.2


WEATHER CONDITIONS
 THE FOLLOWING WEATHER WAS RECORDED TODAY.
  FOG


RELATIVE HUMIDITY (PERCENT)
 HIGHEST    97           200 AM
 LOWEST     39           400 PM
 AVERAGE    68

..........................................................


THE LAKE CHARLES CLIMATE NORMALS FOR TOMORROW
                         NORMAL    RECORD    YEAR
 MAXIMUM TEMPERATURE (F)   82        91      1943
 MINIMUM TEMPERATURE (F)   63        42      2013


SUNRISE AND SUNSET
MAY  3 2015...........SUNRISE   628 AM CDT   SUNSET   752 PM CDT
MAY  4 2015...........SUNRISE   627 AM CDT   SUNSET   752 PM CDT


-  INDICATES NEGATIVE NUMBERS.
R  INDICATES RECORD WAS SET OR TIED.
MM INDICATES DATA IS MISSING.
T  INDICATES TRACE AMOUNT.




$$
