000
CDUS41 KOKX 060618
CLILGA


CLIMATE REPORT
NATIONAL WEATHER SERVICE NEW YORK NY
218 AM EDT WED MAY 6 2015


...................................

...THE LAGUARDIA NY CLIMATE SUMMARY FOR MAY 5 2015...

CLIMATE NORMAL PERIOD 1981 TO 2010
CLIMATE RECORD PERIOD 1945 TO 2015


WEATHER ITEM   OBSERVED TIME   RECORD YEAR NORMAL DEPARTURE LAST
                VALUE   (LST)  VALUE       VALUE  FROM      YEAR
                                                  NORMAL
..................................................................
TEMPERATURE (F)
 YESTERDAY
  MAXIMUM         81    407 PM  90    1955  68     13       67
                                      1949
  MINIMUM         64   1152 PM  42    1978  51     13       50
                                      1974
  AVERAGE         73                        59     14       59

PRECIPITATION (IN)
  YESTERDAY        0.00          0.79 1948   0.12  -0.12     0.00
  MONTH TO DATE    0.00                      0.57  -0.57     0.18
  SINCE MAR 1      6.36                      8.54  -2.18    12.07
  SINCE JAN 1     13.44                     14.47  -1.03    19.36

SNOWFALL (IN)
  YESTERDAY        0.0          MM      MM   0.0    0.0      0.0
  MONTH TO DATE    0.0                       0.0    0.0      0.0
  SINCE OCT 1     53.8                      26.9   26.9     52.4
  SINCE JUL 1     53.8                      26.9   26.9     52.4
  SNOW DEPTH       0

DEGREE DAYS
 HEATING
  YESTERDAY        0                         7     -7        6
  MONTH TO DATE   18                        36    -18       20
  SINCE MAR 1   1196                      1121     75     1291
  SINCE JUL 1   4918                      4550    368     4948

 COOLING
  YESTERDAY        8                         1      7        0
  MONTH TO DATE   11                         5      6        0
  SINCE MAR 1     13                        13      0        0
  SINCE JAN 1     13                        13      0        0
..................................................................


WIND (MPH)
  HIGHEST WIND SPEED    16   HIGHEST WIND DIRECTION     S (170)
  HIGHEST GUST SPEED    22   HIGHEST GUST DIRECTION    SW (220)
  AVERAGE WIND SPEED     6.7


SKY COVER
  AVERAGE SKY COVER 0.6


WEATHER CONDITIONS
 THE FOLLOWING WEATHER WAS RECORDED YESTERDAY.
  NO SIGNIFICANT WEATHER WAS OBSERVED.


RELATIVE HUMIDITY (PERCENT)
 HIGHEST    63          1100 PM
 LOWEST     38          1200 AM
 AVERAGE    51

..........................................................


THE LAGUARDIA NY CLIMATE NORMALS FOR TODAY
                         NORMAL    RECORD    YEAR
 MAXIMUM TEMPERATURE (F)   68        93      1949
 MINIMUM TEMPERATURE (F)   51        41      1967


SUNRISE AND SUNSET
MAY  6 2015...........SUNRISE   548 AM EDT   SUNSET   757 PM EDT
MAY  7 2015...........SUNRISE   547 AM EDT   SUNSET   758 PM EDT


-  INDICATES NEGATIVE NUMBERS.
R  INDICATES RECORD WAS SET OR TIED.
MM INDICATES DATA IS MISSING.
T  INDICATES TRACE AMOUNT.




$$
