000
CDUS44 KLZK 280902
CLILIT


CLIMATE REPORT
NATIONAL WEATHER SERVICE LITTLE ROCK AR
401 AM CDT TUE APR 28 2015


...................................

...THE LITTLE ROCK ADAMS FIELD CLIMATE SUMMARY FOR APRIL 27 2015...

CLIMATE NORMAL PERIOD 1981 TO 2010
CLIMATE RECORD PERIOD 1874 TO 2015


WEATHER ITEM   OBSERVED TIME   RECORD YEAR NORMAL DEPARTURE LAST
                VALUE   (LST)  VALUE       VALUE  FROM      YEAR
                                                  NORMAL
..................................................................
TEMPERATURE (F)
 YESTERDAY
  MAXIMUM         66    227 PM  93    1987  76    -10       78
  MINIMUM         53    818 AM  40    1976  55     -2       65
  AVERAGE         60                        65     -5       72

PRECIPITATION (IN)
  YESTERDAY        0.05          1.78 1942   0.18  -0.13     0.48
  MONTH TO DATE    5.29                      4.62   0.67     4.95
  SINCE MAR 1     13.39                      9.30   4.09    10.24
  SINCE JAN 1     20.20                     16.51   3.69    15.81

SNOWFALL (IN)
  YESTERDAY        0.0          MM      MM   0.0    0.0       T
  MONTH TO DATE    T                         0.0    0.0       T
  SINCE MAR 1      5.7                       0.4    5.3      2.2
  SINCE JUL 1     11.1                       3.5    7.6      6.2
  SNOW DEPTH       0

DEGREE DAYS
 HEATING
  YESTERDAY        5                         2      3        0
  MONTH TO DATE   67                       139    -72      131
  SINCE MAR 1    462                       514    -52      626
  SINCE JUL 1   3108                      3027     81     3399

 COOLING
  YESTERDAY        0                         3     -3        7
  MONTH TO DATE   75                        47     28       49
  SINCE MAR 1     89                        61     28       49
  SINCE JAN 1     89                        63     26       49
..................................................................


WIND (MPH)
  HIGHEST WIND SPEED    24   HIGHEST WIND DIRECTION     E (70)
  HIGHEST GUST SPEED    31   HIGHEST GUST DIRECTION    NE (50)
  AVERAGE WIND SPEED    12.4


SKY COVER
  POSSIBLE SUNSHINE  MM
  AVERAGE SKY COVER 0.9


WEATHER CONDITIONS
 THE FOLLOWING WEATHER WAS RECORDED YESTERDAY.
  THUNDERSTORM
  LIGHT RAIN


RELATIVE HUMIDITY (PERCENT)
 HIGHEST    72          1200 AM
 LOWEST     40           200 PM
 AVERAGE    56

..........................................................


THE LITTLE ROCK ADAMS FIELD CLIMATE NORMALS FOR TODAY
                         NORMAL    RECORD    YEAR
 MAXIMUM TEMPERATURE (F)   76        90      1989
                                             1887
 MINIMUM TEMPERATURE (F)   55        41      1992


SUNRISE AND SUNSET
APRIL 28 2015.........SUNRISE   622 AM CDT   SUNSET   751 PM CDT
APRIL 29 2015.........SUNRISE   621 AM CDT   SUNSET   752 PM CDT


-  INDICATES NEGATIVE NUMBERS.
R  INDICATES RECORD WAS SET OR TIED.
MM INDICATES DATA IS MISSING.
T  INDICATES TRACE AMOUNT.




$$
