000
CDUS43 KTOP 060632
CLILWC


CLIMATE REPORT
NATIONAL WEATHER SERVICE TOPEKA KS
131 AM CDT WED MAY 6 2015


...................................

...THE LAWRENCE KS CLIMATE SUMMARY FOR MAY 5 2015...

CLIMATE NORMAL PERIOD 1981 TO 2010
CLIMATE RECORD PERIOD 9999 TO 9999


WEATHER ITEM   OBSERVED NORMAL DEPARTURE LAST
                VALUE   VALUE  FROM      YEAR
                               NORMAL
...............................................
TEMPERATURE (F)
 YESTERDAY
  MAXIMUM         81     73      8       87
  MINIMUM         60     49     11       50
  AVERAGE         71     61     10       69

PRECIPITATION (IN)
  YESTERDAY        0.15   0.17  -0.02     0.00
  MONTH TO DATE    0.59   0.88  -0.29     0.00
  SINCE MAR 1      4.11   7.27  -3.16     4.54
  SINCE JAN 1      5.80   9.58  -3.78     5.59

DEGREE DAYS
 HEATING
  YESTERDAY        0      5     -5        0
  MONTH TO DATE    6     29    -23       34
  SINCE MAR 1    849    993   -144     1129
  SINCE JUL 1   5138   5008    130     5555

 COOLING
  YESTERDAY        6      1      5        4
  MONTH TO DATE   20      5     15        8
  SINCE MAR 1     25     28     -3       18
  SINCE JAN 1     25     28     -3       18
...............................................


WIND (MPH)
  HIGHEST WIND SPEED    31   HIGHEST WIND DIRECTION    SW (230)
  HIGHEST GUST SPEED    41   HIGHEST GUST DIRECTION     S (200)
  AVERAGE WIND SPEED     8.8


SKY COVER
  AVERAGE SKY COVER 0.6


WEATHER CONDITIONS
 THE FOLLOWING WEATHER WAS RECORDED YESTERDAY.
  THUNDERSTORM
  RAIN
  LIGHT RAIN
  FOG


RELATIVE HUMIDITY (PERCENT)
 HIGHEST   100
 LOWEST     42
 AVERAGE    71

..........................................................


THE LAWRENCE KS CLIMATE NORMALS FOR TODAY
                         NORMAL
 MAXIMUM TEMPERATURE (F)   73
 MINIMUM TEMPERATURE (F)   50


SUNRISE AND SUNSET
MAY  6 2015...........SUNRISE   617 AM CDT   SUNSET   818 PM CDT
MAY  7 2015...........SUNRISE   616 AM CDT   SUNSET   819 PM CDT


-  INDICATES NEGATIVE NUMBERS.
R  INDICATES RECORD WAS SET OR TIED.
MM INDICATES DATA IS MISSING.
T  INDICATES TRACE AMOUNT.




$$
