000
CDUS46 KOTX 050831
CLILWS


CLIMATE REPORT
NATIONAL WEATHER SERVICE SPOKANE, WA
131 AM PDT TUE MAY 5 2015


...................................

...THE LEWISTON ID AIRPORT CLIMATE SUMMARY FOR MAY 4 2015...

CLIMATE NORMAL PERIOD 1981 TO 2010
CLIMATE RECORD PERIOD 1881 TO 2015


WEATHER ITEM   OBSERVED TIME   RECORD YEAR NORMAL DEPARTURE LAST
                VALUE   (LST)  VALUE       VALUE  FROM      YEAR
                                                  NORMAL
..................................................................
TEMPERATURE (F)
 YESTERDAY
  MAXIMUM         83    341 PM  93    1966  68     15       64
  MINIMUM         43    312 AM  32    1919  44     -1       49
  AVERAGE         63                        56      7       57

PRECIPITATION (IN)
  YESTERDAY        0.00          0.67 1979   0.04  -0.04     0.16
  MONTH TO DATE    0.00                      0.18  -0.18     0.16
  SINCE OCT 1      7.95                      7.62   0.33     6.46
  SINCE JAN 1      3.76                      4.51  -0.75     4.93

SNOWFALL (IN)
  YESTERDAY        0.0           T    1977   0.0    0.0      0.0
  MONTH TO DATE    0.0                       0.0    0.0      0.0
  SINCE MAR 1      0.0                       0.7   -0.7      0.6
  SINCE JUL 1      1.5                      10.5   -9.0     16.5
  SNOW DEPTH       0

DEGREE DAYS
 HEATING
  YESTERDAY        2                        10     -8        8
  MONTH TO DATE   19                        41    -22       12
  SINCE MAR 1    916                      1066   -150     1012
  SINCE JUL 1   4138                      4921   -783     5173

 COOLING
  YESTERDAY        0                         1     -1        0
  MONTH TO DATE    0                         1     -1        4
  SINCE MAR 1      1                         3     -2        4
  SINCE JAN 1      1                         3     -2        4
..................................................................


WIND (MPH)
  HIGHEST WIND SPEED    22   HIGHEST WIND DIRECTION    NW (320)
  HIGHEST GUST SPEED    29   HIGHEST GUST DIRECTION    NW (320)
  AVERAGE WIND SPEED     5.6


SKY COVER
  POSSIBLE SUNSHINE  MM
  AVERAGE SKY COVER 0.1


WEATHER CONDITIONS
 THE FOLLOWING WEATHER WAS RECORDED YESTERDAY.
  NO SIGNIFICANT WEATHER WAS OBSERVED.


RELATIVE HUMIDITY (PERCENT)
 HIGHEST    65           500 AM
 LOWEST     14           200 PM
 AVERAGE    40

..........................................................


THE LEWISTON ID AIRPORT CLIMATE NORMALS FOR TODAY
                         NORMAL    RECORD    YEAR
 MAXIMUM TEMPERATURE (F)   68        96      1966
 MINIMUM TEMPERATURE (F)   44        32      1982


SUNRISE AND SUNSET
MAY  5 2015...........SUNRISE   528 AM PDT   SUNSET   802 PM PDT
MAY  6 2015...........SUNRISE   527 AM PDT   SUNSET   803 PM PDT


-  INDICATES NEGATIVE NUMBERS.
R  INDICATES RECORD WAS SET OR TIED.
MM INDICATES DATA IS MISSING.
T  INDICATES TRACE AMOUNT.




$$
