000
CDUS45 KTFX 040754
CLILWT


CLIMATE REPORT
NATIONAL WEATHER SERVICE GREAT FALLS MT
153 AM MDT MON MAY 4 2015


...................................

...THE LEWISTOWN MT CLIMATE SUMMARY FOR MAY 3 2015...

CLIMATE NORMAL PERIOD 1981 TO 2010
CLIMATE RECORD PERIOD 1896 TO 2015


WEATHER ITEM   OBSERVED TIME   RECORD YEAR NORMAL DEPARTURE LAST
                VALUE   (LST)  VALUE       VALUE  FROM      YEAR
                                                  NORMAL
..................................................................
TEMPERATURE (F)
 YESTERDAY
  MAXIMUM         64    357 PM  82    1918  59      5       41
  MINIMUM         37    242 AM  16    1954  33      4       33
  AVERAGE         51                        46      5       37

PRECIPITATION (IN)
  YESTERDAY        0.00          1.61 1964   0.07  -0.07     0.02
  MONTH TO DATE    0.00                      0.20  -0.20     0.02
  SINCE OCT 1      6.36                      6.11   0.25     5.86
  SINCE JAN 1      4.05                      3.61   0.44     3.78

SNOWFALL (IN)
  YESTERDAY       MM
  SNOW DEPTH       0

DEGREE DAYS
 HEATING
  YESTERDAY       14                        19     -5       28
  MONTH TO DATE   32                        57    -25       56
  SINCE MAR 1   1359                      1760   -401     1890
  SINCE JUL 1   6557                      7564  -1007     7946

 COOLING
  YESTERDAY        0                         0      0        0
  MONTH TO DATE    0                         0      0        0
  SINCE MAR 1      0                         0      0        0
  SINCE JAN 1      0                         0      0        0
..................................................................


WIND (MPH)
  HIGHEST WIND SPEED    20   HIGHEST WIND DIRECTION     E (80)
  HIGHEST GUST SPEED    23   HIGHEST GUST DIRECTION     E (90)
  AVERAGE WIND SPEED     7.9


SKY COVER
  AVERAGE SKY COVER 0.4


WEATHER CONDITIONS
 THE FOLLOWING WEATHER WAS RECORDED YESTERDAY.
  NO SIGNIFICANT WEATHER WAS OBSERVED.


RELATIVE HUMIDITY (PERCENT)
 HIGHEST    76           500 AM
 LOWEST     28           400 PM
 AVERAGE    52

..........................................................


THE LEWISTOWN MT CLIMATE NORMALS FOR TODAY
                         NORMAL    RECORD    YEAR
 MAXIMUM TEMPERATURE (F)   59        84      1936
 MINIMUM TEMPERATURE (F)   34        16      1967


SUNRISE AND SUNSET
MAY  4 2015...........SUNRISE   558 AM MDT   SUNSET   832 PM MDT
MAY  5 2015...........SUNRISE   556 AM MDT   SUNSET   834 PM MDT


-  INDICATES NEGATIVE NUMBERS.
R  INDICATES RECORD WAS SET OR TIED.
MM INDICATES DATA IS MISSING.
T  INDICATES TRACE AMOUNT.




$$
