000
CDUS43 KILX 050631
CLILWV


CLIMATE REPORT
NATIONAL WEATHER SERVICE LINCOLN IL
130 AM CDT TUE MAY 5 2015


...................................

...THE LAWRENCEVILLE IL AIRPORT CLIMATE SUMMARY FOR MAY 4 2015...

CLIMATE NORMAL PERIOD 1981 TO 2010
CLIMATE RECORD PERIOD 9999 TO 9999


WEATHER ITEM   OBSERVED TIME   RECORD YEAR NORMAL DEPARTURE LAST
                VALUE   (LST)  VALUE       VALUE  FROM      YEAR
                                                  NORMAL
..................................................................
TEMPERATURE (F)
 YESTERDAY
  MAXIMUM         85    252 PM  MM      MM  73     12       77
  MINIMUM         54    107 AM  MM      MM  52      2       49
  AVERAGE         70                        62      8       63

PRECIPITATION (IN)
  YESTERDAY        0.00         MM      MM   0.20  -0.20      T
  MONTH TO DATE    T                         0.81  -0.81      T
  SINCE MAR 1     11.07                      8.40   2.67     9.17
  SINCE JAN 1     13.57                     12.79   0.78    11.93

DEGREE DAYS
 HEATING
  YESTERDAY        0                         4     -4        2
  MONTH TO DATE   13                        18     -5       39
  SINCE MAR 1    993                       934     59     1079
  SINCE JUL 1   5267                      4609    658     5481

 COOLING
  YESTERDAY        5                         2      3        0
  MONTH TO DATE    9                         6      3        0
  SINCE MAR 1     16                        32    -16       10
  SINCE JAN 1     16                        32    -16       10
..................................................................


WIND (MPH)
  HIGHEST WIND SPEED    20   HIGHEST WIND DIRECTION    SW (220)
  HIGHEST GUST SPEED    23   HIGHEST GUST DIRECTION    SW (230)
  AVERAGE WIND SPEED     8.4


SKY COVER
  POSSIBLE SUNSHINE  MM
  AVERAGE SKY COVER 0.3


WEATHER CONDITIONS
 THE FOLLOWING WEATHER WAS RECORDED YESTERDAY.
  NO SIGNIFICANT WEATHER WAS OBSERVED.


RELATIVE HUMIDITY (PERCENT)
 HIGHEST    83           100 AM
 LOWEST     40           100 PM
 AVERAGE    62

..........................................................


THE LAWRENCEVILLE IL AIRPORT CLIMATE NORMALS FOR TODAY
                         NORMAL    RECORD    YEAR
 MAXIMUM TEMPERATURE (F)   73        MM        MM
 MINIMUM TEMPERATURE (F)   52        MM        MM


SUNRISE AND SUNSET
MAY  5 2015...........SUNRISE   549 AM CDT   SUNSET   746 PM CDT
MAY  6 2015...........SUNRISE   547 AM CDT   SUNSET   747 PM CDT


-  INDICATES NEGATIVE NUMBERS.
R  INDICATES RECORD WAS SET OR TIED.
MM INDICATES DATA IS MISSING.
T  INDICATES TRACE AMOUNT.




$$
