000
CDUS46 KHNX 260825
CLIMAE


CLIMATE REPORT
NATIONAL WEATHER SERVICE SAN JOAQUIN VALLEY, CA
124 AM PDT SUN APR 26 2015


...................................

...THE MADERA CA AIRPORT CLIMATE SUMMARY FOR APRIL 25 2015...

CLIMATE NORMAL PERIOD 1981 TO 2010
CLIMATE RECORD PERIOD 1998 TO 2015


WEATHER ITEM   OBSERVED TIME   RECORD YEAR NORMAL DEPARTURE
                VALUE   (LST)  VALUE       VALUE  FROM
                                                  NORMAL
...............................................................
TEMPERATURE (F)
 YESTERDAY
  MAXIMUM         71    336 PM  93    2004  78     -7
  MINIMUM         53   1159 PM  40    2008  47      6
  AVERAGE         62                        62      0

PRECIPITATION (IN)
  YESTERDAY        0.66R         0.54 2014   0.03   0.63
  MONTH TO DATE    1.00                      0.81   0.19
  SINCE OCT 1      5.26                     10.92  -5.66
  SINCE JAN 1      1.58                      7.19  -5.61

SNOWFALL (IN)
  YESTERDAY        0.0
  MONTH TO DATE    0.0
  SINCE MAR 1      0.0
  SINCE JUL 1      0.0
  SNOW DEPTH       0

DEGREE DAYS
 HEATING
  YESTERDAY        3
  MONTH TO DATE  115
  SINCE MAR 1    245
  SINCE JUL 1   1695

 COOLING
  YESTERDAY        0
  MONTH TO DATE   20
  SINCE MAR 1     50
  SINCE JAN 1     52
...............................................................


WIND (MPH)
  HIGHEST WIND SPEED    16   HIGHEST WIND DIRECTION    NW (300)
  HIGHEST GUST SPEED    28   HIGHEST GUST DIRECTION    SW (230)
  AVERAGE WIND SPEED     8.4




RELATIVE HUMIDITY (PERCENT)
 HIGHEST    93
 LOWEST     47
 AVERAGE    70

..........................................................


THE MADERA CA AIRPORT CLIMATE NORMALS FOR TODAY
                         NORMAL    RECORD    YEAR
 MAXIMUM TEMPERATURE (F)   78        97      2004
 MINIMUM TEMPERATURE (F)   47        41      2009


SUNRISE AND SUNSET
APRIL 26 2015.........SUNRISE   612 AM PDT   SUNSET   745 PM PDT
APRIL 27 2015.........SUNRISE   611 AM PDT   SUNSET   746 PM PDT


-  INDICATES NEGATIVE NUMBERS.
R  INDICATES RECORD WAS SET OR TIED.
MM INDICATES DATA IS MISSING.
T  INDICATES TRACE AMOUNT.




$$
