000
CDUS43 KABR 061030
CLIMBG


CLIMATE REPORT
NATIONAL WEATHER SERVICE ABERDEEN SD
529 AM CDT WED MAY 6 2015


...................................

...THE MOBRIDGE SD CLIMATE SUMMARY FOR MAY 5 2015...

CLIMATE NORMAL PERIOD 1981 TO 2010
CLIMATE RECORD PERIOD 1911 TO 2015


WEATHER ITEM   OBSERVED TIME   RECORD YEAR NORMAL DEPARTURE LAST
                VALUE   (LST)  VALUE       VALUE  FROM      YEAR
                                                  NORMAL
..................................................................
TEMPERATURE (F)
 YESTERDAY
  MAXIMUM         79    310 PM  93    1939  66     13       68
  MINIMUM         50    352 AM  18    1944  40     10       34
  AVERAGE         65                        53     12       51

PRECIPITATION (IN)
  YESTERDAY        0.08          0.97 1999   0.09  -0.01     0.00
  MONTH TO DATE    0.08                      0.44  -0.36      T
  SINCE MAR 1      0.75                      2.91  -2.16     2.86
  SINCE JAN 1      1.55                      3.64  -2.09     3.47

DEGREE DAYS
 HEATING
  YESTERDAY        0                        12    -12       14
  MONTH TO DATE   32                        65    -33       86
  SINCE MAR 1   1322                      1685   -363     1903
  SINCE JUL 1   7081                      7660   -579     8443

 COOLING
  YESTERDAY        0                         0      0        0
  MONTH TO DATE    5                         0      5        0
  SINCE MAR 1      5                         1      4        0
  SINCE JAN 1      5                         1      4        0
..................................................................


WIND (MPH)
  HIGHEST WIND SPEED    28   HIGHEST WIND DIRECTION    SE (150)
  HIGHEST GUST SPEED    32   HIGHEST GUST DIRECTION    SE (140)
  AVERAGE WIND SPEED    15.8


SKY COVER
  POSSIBLE SUNSHINE  MM
  AVERAGE SKY COVER 0.3


WEATHER CONDITIONS
 THE FOLLOWING WEATHER WAS RECORDED YESTERDAY.
  HEAVY RAIN
  RAIN
  LIGHT RAIN
  FOG


RELATIVE HUMIDITY (PERCENT)
 HIGHEST    84          1100 PM
 LOWEST     25          1100 AM
 AVERAGE    55

..........................................................


THE MOBRIDGE SD CLIMATE NORMALS FOR TODAY
                         NORMAL    RECORD    YEAR
 MAXIMUM TEMPERATURE (F)   66        87      1992
                                             1934
 MINIMUM TEMPERATURE (F)   40        22      1929


SUNRISE AND SUNSET
MAY  6 2015...........SUNRISE   623 AM CDT   SUNSET   855 PM CDT
MAY  7 2015...........SUNRISE   621 AM CDT   SUNSET   856 PM CDT


-  INDICATES NEGATIVE NUMBERS.
R  INDICATES RECORD WAS SET OR TIED.
MM INDICATES DATA IS MISSING.
T  INDICATES TRACE AMOUNT.




$$
