000
CDUS46 KHNX 070021
CLIMCE


CLIMATE REPORT
NATIONAL WEATHER SERVICE SAN JOAQUIN VALLEY, CA
520 PM PDT WED MAY 6 2015


...................................

...THE MERCED  CA CLIMATE SUMMARY FOR MAY 6 2015...
VALID AS OF 0500 PM LOCAL TIME.

CLIMATE NORMAL PERIOD 1981 TO 2010
CLIMATE RECORD PERIOD 1998 TO 2015


WEATHER ITEM   OBSERVED TIME   RECORD YEAR NORMAL DEPARTURE LAST
                VALUE   (LST)  VALUE       VALUE  FROM      YEAR
                                                  NORMAL
..................................................................
TEMPERATURE (F)
 TODAY
  MAXIMUM         76    354 PM  90    2001  80     -4       76
  MINIMUM         48    459 AM  42    2010  49     -1       50
  AVERAGE         62                        65     -3       63

PRECIPITATION (IN)
  TODAY            0.00          0.09 2013   0.03  -0.03     0.06
  MONTH TO DATE    0.00                      0.18  -0.18     0.06
  SINCE OCT 1      7.10                     11.66  -4.56     4.97
  SINCE JAN 1      2.35                      8.15  -5.80     3.96

SNOWFALL (IN)
  TODAY            0.0
  MONTH TO DATE    0.0
  SINCE MAR 1      0.0
  SINCE JUL 1      0.0
  SNOW DEPTH       0

DEGREE DAYS
 HEATING
  TODAY            3                                         2
  MONTH TO DATE    4                                         3
  SINCE MAR 1    263                                       256
  SINCE JUL 1   1727                                      2125

 COOLING
  TODAY            0                                         0
  MONTH TO DATE   21                                        29
  SINCE MAR 1     65                                        95
  SINCE JAN 1     65                                        95
..................................................................


WIND (MPH)
  HIGHEST WIND SPEED    12   HIGHEST WIND DIRECTION    NW (320)
  HIGHEST GUST SPEED    18   HIGHEST GUST DIRECTION     N (340)
  AVERAGE WIND SPEED     6.0




RELATIVE HUMIDITY (PERCENT)
 HIGHEST    80
 LOWEST     27
 AVERAGE    54

..........................................................


THE MERCED  CA CLIMATE NORMALS FOR TOMORROW
                         NORMAL    RECORD    YEAR
 MAXIMUM TEMPERATURE (F)   80        95      2001
 MINIMUM TEMPERATURE (F)   50        38      2010


SUNRISE AND SUNSET
MAY  6 2015...........SUNRISE   602 AM PDT   SUNSET   756 PM PDT
MAY  7 2015...........SUNRISE   601 AM PDT   SUNSET   757 PM PDT


-  INDICATES NEGATIVE NUMBERS.
R  INDICATES RECORD WAS SET OR TIED.
MM INDICATES DATA IS MISSING.
T  INDICATES TRACE AMOUNT.




$$
