000
CDUS43 KEAX 011240
CLIMCI

CLIMATE REPORT
NATIONAL WEATHER SERVICE KANSAS CITY/PLEASANT HILL MO
738 AM CDT WED APR 1 2015


...................................

...THE KANSAS CITY INTERNATIONAL MO CLIMATE SUMMARY FOR APRIL 1 2015...
VALID AS OF 0700 AM LOCAL TIME.

CLIMATE NORMAL PERIOD 1981 TO 2010
CLIMATE RECORD PERIOD 1888 TO 2015


WEATHER ITEM   OBSERVED TIME   RECORD YEAR NORMAL DEPARTURE LAST
                VALUE   (LST)  VALUE       VALUE  FROM      YEAR
                                                  NORMAL
..................................................................
TEMPERATURE (F)
 TODAY
  MAXIMUM         58    435 AM  91    1940  61     -3       52
  MINIMUM         53    202 AM  22    1899  39     14       27
  AVERAGE         56                        50      6       40

PRECIPITATION (IN)
  TODAY            0.00          2.66 1967   0.10  -0.10     0.00
  MONTH TO DATE    0.00                      0.10  -0.10     0.00
  SINCE MAR 1      0.88                      2.47  -1.59     1.61
  SINCE JAN 1      3.06                      5.00  -1.94     3.36

SNOWFALL (IN)
  TODAY            0.0           4.6  1970   0.1   -0.1      0.0
  MONTH TO DATE    0.0                       0.1   -0.1      0.0
  SINCE MAR 1      T                         2.1   -2.1      3.5
  SINCE JUL 1     14.2                      18.3   -4.1     26.1
  SNOW DEPTH       0

DEGREE DAYS
 HEATING
  TODAY            9                        15     -6       25
  MONTH TO DATE    9                        15     -6       25
  SINCE MAR 1    571                       661    -90      790
  SINCE JUL 1   4785                      4706     79     5356

 COOLING
  TODAY            0                         0      0        0
  MONTH TO DATE    0                         0      0        0
  SINCE MAR 1      2                         3     -1        0
  SINCE JAN 1      2                         3     -1        0
..................................................................


WIND (MPH)
  HIGHEST WIND SPEED    16   HIGHEST WIND DIRECTION    SE (150)
  HIGHEST GUST SPEED    19   HIGHEST GUST DIRECTION    SE (150)
  AVERAGE WIND SPEED    12.0


SKY COVER
  POSSIBLE SUNSHINE  MM
  AVERAGE SKY COVER 0.2


WEATHER CONDITIONS
 THE FOLLOWING WEATHER WAS RECORDED TODAY.
  NO SIGNIFICANT WEATHER WAS OBSERVED.


RELATIVE HUMIDITY (PERCENT)
 HIGHEST    47           600 AM
 LOWEST     40           300 AM
 AVERAGE    44

..........................................................


THE KANSAS CITY INTERNATIONAL MO CLIMATE NORMALS FOR TOMORROW
                         NORMAL    RECORD    YEAR
 MAXIMUM TEMPERATURE (F)   62        87      1889
 MINIMUM TEMPERATURE (F)   39        19      1975


SUNRISE AND SUNSET
APRIL  1 2015.........SUNRISE   704 AM CDT   SUNSET   743 PM CDT
APRIL  2 2015.........SUNRISE   702 AM CDT   SUNSET   744 PM CDT


-  INDICATES NEGATIVE NUMBERS.
R  INDICATES RECORD WAS SET OR TIED.
MM INDICATES DATA IS MISSING.
T  INDICATES TRACE AMOUNT.



&&

...MISCELLANEOUS CLIMATE DATA FROM TODAY...

LOCATION                HIGH    LOW      PRECIP
ST. JOSEPH               58      44       0.00
DOWNTOWN KANSAS CITY     64      54       0.00
OLATHE NEW CENTURY       57      52       0.00
OLATHE JO CO EXEC        59      52       0.00
LEES SUMMIT              60      57       0.00
KIRKSVILLE               52      47       0.00
CHILLICOTHE              55      50       0.00
SEDALIA                  57      49       0.00
NWS PLEASANT HILL MO     56      52       0.00


THIS PRODUCT...ALONG WITH OTHER WEATHER...HYDROLOGICAL AND CLIMATE
INFORMATION...IS AVAILABLE ON THE WEB AT HTTP://WWW.CRH.NOAA.GOV/EAX
OR AT HTTP://WEATHER.GOV

$$

SAW
