000
CDUS44 KMEG 050636
CLIMEG


CLIMATE REPORT
NATIONAL WEATHER SERVICE MEMPHIS TN
136 AM CDT TUE MAY 5 2015


...................................

...THE MEMPHIS/GERMANTOWN WFO CLIMATE SUMMARY FOR MAY 4 2015...

CLIMATE NORMAL PERIOD 1981 TO 2010
CLIMATE RECORD PERIOD 1988 TO 2015


WEATHER ITEM   OBSERVED TIME   RECORD YEAR NORMAL DEPARTURE LAST
                VALUE   (LST)  VALUE       VALUE  FROM      YEAR
                                                  NORMAL
..................................................................
TEMPERATURE (F)
 YESTERDAY
  MAXIMUM         86        MM  92    2012  77      9       90
  MINIMUM         61        MM  35    2013  55      6       55
  AVERAGE         74                        66      8       73

PRECIPITATION (IN)
  YESTERDAY        0.00          1.15 2006   0.22  -0.22     0.00
  MONTH TO DATE    0.00                      0.85  -0.85     0.00
  SINCE MAR 1     10.08                     11.12  -1.04    12.10
  SINCE JAN 1     16.16                     19.75  -3.59    20.72

SNOWFALL (IN)
  YESTERDAY        0.0          MM      MM   0.0    0.0      0.0
  MONTH TO DATE    0.0                       0.0    0.0      0.0
  SINCE MAR 1      4.1                       0.8    3.3      0.3
  SINCE JUL 1      6.3                       2.4    3.9      0.8
  SNOW DEPTH       0

DEGREE DAYS
 HEATING
  YESTERDAY        0                         2     -2        0
  MONTH TO DATE    9                        11     -2       18
  SINCE MAR 1    536                       638   -102      700
  SINCE JUL 1   3443                      3384     59     3704

 COOLING
  YESTERDAY        9                         4      5        8
  MONTH TO DATE   12                        13     -1        8
  SINCE MAR 1     89                        78     11       56
  SINCE JAN 1     89                        79     10       56
..................................................................







THE MEMPHIS/GERMANTOWN WFO CLIMATE NORMALS FOR TODAY
                         NORMAL    RECORD    YEAR
 MAXIMUM TEMPERATURE (F)   78        92      2012
 MINIMUM TEMPERATURE (F)   56        41      2011


SUNRISE AND SUNSET
MAY  5 2015...........SUNRISE   604 AM CDT   SUNSET   748 PM CDT
MAY  6 2015...........SUNRISE   603 AM CDT   SUNSET   749 PM CDT


-  INDICATES NEGATIVE NUMBERS.
R  INDICATES RECORD WAS SET OR TIED.
MM INDICATES DATA IS MISSING.
T  INDICATES TRACE AMOUNT.




$$
