000
CDUS44 KJAN 062112
CLIMEI


CLIMATE REPORT
NATIONAL WEATHER SERVICE JACKSON MS
411 PM CDT WED MAY 6 2015


...................................

...THE MERIDIAN CLIMATE SUMMARY FOR MAY 6 2015...
VALID TODAY AS OF 0400 PM LOCAL TIME.

CLIMATE NORMAL PERIOD 1981 TO 2010
CLIMATE RECORD PERIOD 1889 TO 2015


WEATHER ITEM   OBSERVED TIME   RECORD YEAR NORMAL DEPARTURE LAST
                VALUE   (LST)  VALUE       VALUE  FROM      YEAR
                                                  NORMAL
..................................................................
TEMPERATURE (F)
 TODAY
  MAXIMUM         84    202 PM  94    1952  81      3       83
  MINIMUM         53    536 AM  40    1957  56     -3       53
                                      1945
  AVERAGE         69                        68      1       68

PRECIPITATION (IN)
  TODAY            0.00          3.12 1935   0.15  -0.15     0.00
  MONTH TO DATE    0.00                      0.88  -0.88     0.00
  SINCE MAR 1     10.06                     11.08  -1.02    19.77
  SINCE JAN 1     20.90                     21.81  -0.91    29.12

SNOWFALL (IN)
  TODAY            0.0           0.0    MM   0.0    0.0      0.0
  MONTH TO DATE    0.0                       0.0    0.0      0.0
  SINCE MAR 1      T                         0.3   -0.3      0.0
  SINCE JUL 1      T                         0.6   -0.6      2.5

DEGREE DAYS
 HEATING
  TODAY            0                         1     -1        0
  MONTH TO DATE    6                         7     -1       12
  SINCE MAR 1    263                       444   -181      480
  SINCE JUL 1   2504                      2541    -37     2856

 COOLING
  TODAY            4                         4      0        3
  MONTH TO DATE    9                        23    -14       12
  SINCE MAR 1    149                        99     50       73
  SINCE JAN 1    149                       106     43       80
..................................................................


WIND (MPH)
  HIGHEST WIND SPEED    10   HIGHEST WIND DIRECTION    SE (130)
  HIGHEST GUST SPEED    14   HIGHEST GUST DIRECTION    SE (130)
  AVERAGE WIND SPEED     2.2


SKY COVER
  POSSIBLE SUNSHINE  MM
  AVERAGE SKY COVER 0.2


WEATHER CONDITIONS
 THE FOLLOWING WEATHER WAS RECORDED TODAY.
  NO SIGNIFICANT WEATHER WAS OBSERVED.


RELATIVE HUMIDITY (PERCENT)
 HIGHEST    93           300 AM
 LOWEST     40           100 PM
 AVERAGE    67

..........................................................


THE MERIDIAN CLIMATE NORMALS FOR TOMORROW
                         NORMAL    RECORD    YEAR
 MAXIMUM TEMPERATURE (F)   81        92      1952
 MINIMUM TEMPERATURE (F)   56        40      1944


SUNRISE AND SUNSET
MAY  6 2015...........SUNRISE   604 AM CDT   SUNSET   739 PM CDT
MAY  7 2015...........SUNRISE   603 AM CDT   SUNSET   740 PM CDT


-  INDICATES NEGATIVE NUMBERS.
R  INDICATES RECORD WAS SET OR TIED.
MM INDICATES DATA IS MISSING.
T  INDICATES TRACE AMOUNT.




$$
