000
CDUS44 KBRO 192128
CLIMFE


CLIMATE REPORT
NATIONAL WEATHER SERVICE BROWNSVILLE TX
428 PM CDT SUN APR 19 2015


...................................

...THE MCALLEN CLIMATE SUMMARY FOR APRIL 19 2015...
VALID TODAY AS OF 0400 PM LOCAL TIME.

CLIMATE NORMAL PERIOD 1981 TO 2010
CLIMATE RECORD PERIOD 1941 TO 2015


WEATHER ITEM   OBSERVED TIME   RECORD YEAR NORMAL DEPARTURE LAST
                VALUE   (LST)  VALUE       VALUE  FROM      YEAR
                                                  NORMAL
..................................................................
TEMPERATURE (F)
 TODAY
  MAXIMUM         91    259 PM  98    2011  88      3       82
  MINIMUM         70    136 AM  53    2008  67      3       61
  AVERAGE         81                        77      4       72

PRECIPITATION (IN)
  TODAY            0.00          0.14 1965   0.06  -0.06     0.00
  MONTH TO DATE    3.63                      0.71   2.92     0.03
  SINCE MAR 1      5.02                      1.74   3.28     1.20
  SINCE JAN 1      5.61                      3.90   1.71     2.08

SNOWFALL (IN)
  TODAY            0.0
  MONTH TO DATE    0.0
  SINCE MAR 1      0.0
  SINCE JUL 1      0.0
  SNOW DEPTH       0

DEGREE DAYS
 HEATING
  TODAY            0                         0      0        0
  MONTH TO DATE    0                         3     -3        9
  SINCE MAR 1     66                        41     25      107
  SINCE JUL 1    756                       574    182      883

 COOLING
  TODAY           16                        12      4        7
  MONTH TO DATE  276                       209     67      168
  SINCE MAR 1    442                       427     15      304
  SINCE JAN 1    527                       586    -59      432
..................................................................


WIND (MPH)
  HIGHEST WIND SPEED    13   HIGHEST WIND DIRECTION    SE (140)
  HIGHEST GUST SPEED    15   HIGHEST GUST DIRECTION    SE (130)
  AVERAGE WIND SPEED     6.3



WEATHER CONDITIONS
 THE FOLLOWING WEATHER WAS RECORDED TODAY.
  FOG
  HAZE


..........................................................


THE MCALLEN CLIMATE NORMALS FOR TOMORROW
                         NORMAL    RECORD    YEAR
 MAXIMUM TEMPERATURE (F)   88       101      1973
 MINIMUM TEMPERATURE (F)   67        50      2013


SUNRISE AND SUNSET
APRIL 19 2015.........SUNRISE   706 AM CDT   SUNSET   758 PM CDT
APRIL 20 2015.........SUNRISE   705 AM CDT   SUNSET   759 PM CDT


-  INDICATES NEGATIVE NUMBERS.
R  INDICATES RECORD WAS SET OR TIED.
MM INDICATES DATA IS MISSING.
T  INDICATES TRACE AMOUNT.




$$
