000
CDUS44 KBMX 050902
CLIMGM


CLIMATE REPORT
NATIONAL WEATHER SERVICE BIRMINGHAM, AL
400 AM CDT TUE MAY 5 2015


...................................

...THE MONTGOMERY CLIMATE SUMMARY FOR MAY 4 2015...

CLIMATE NORMAL PERIOD 1981 TO 2010
CLIMATE RECORD PERIOD 1994 TO 2015


WEATHER ITEM   OBSERVED TIME   RECORD YEAR NORMAL DEPARTURE LAST
                VALUE   (LST)  VALUE       VALUE  FROM      YEAR
                                                  NORMAL
..................................................................
TEMPERATURE (F)
 YESTERDAY
  MAXIMUM         85    238 PM  93    1902  81      4       88
  MINIMUM         57    443 AM  40    1971  57      0       51
  AVERAGE         71                        69      2       70

PRECIPITATION (IN)
  YESTERDAY        0.00          2.59 1967   0.12  -0.12     0.00
  MONTH TO DATE    0.00                      0.45  -0.45     0.00
  SINCE MAR 1      8.50                     10.42  -1.92    15.67
  SINCE JAN 1     16.16                     20.35  -4.19    23.34

DEGREE DAYS
 COOLING
  YESTERDAY        6                         5      1        5
  MONTH TO DATE    9                        18     -9        5
  SINCE MAR 1    230                       113    117       97
  SINCE JAN 1    230                       119    111      104
..................................................................


WIND (MPH)
  HIGHEST WIND SPEED    13   HIGHEST WIND DIRECTION     E (110)
  HIGHEST GUST SPEED    18   HIGHEST GUST DIRECTION     E (110)
  AVERAGE WIND SPEED     3.1


SKY COVER
  AVERAGE SKY COVER 0.1


WEATHER CONDITIONS
 THE FOLLOWING WEATHER WAS RECORDED YESTERDAY.
  NO SIGNIFICANT WEATHER WAS OBSERVED.


RELATIVE HUMIDITY (PERCENT)
 HIGHEST    86           500 AM
 LOWEST     34           300 PM
 AVERAGE    60

..........................................................


THE MONTGOMERY CLIMATE NORMALS FOR TODAY
                         NORMAL    RECORD    YEAR
 MAXIMUM TEMPERATURE (F)   81        92      1959
                                             1955
                                             1952
 MINIMUM TEMPERATURE (F)   57        42      2013
                                             1997


SUNRISE AND SUNSET
MAY  5 2015...........SUNRISE   556 AM CDT   SUNSET   729 PM CDT
MAY  6 2015...........SUNRISE   555 AM CDT   SUNSET   730 PM CDT


-  INDICATES NEGATIVE NUMBERS.
R  INDICATES RECORD WAS SET OR TIED.
MM INDICATES DATA IS MISSING.
T  INDICATES TRACE AMOUNT.




$$
