000
CDUS43 KTOP 270634
CLIMHK


CLIMATE REPORT
NATIONAL WEATHER SERVICE TOPEKA KS
133 AM CDT MON APR 27 2015


...................................

...THE MANHATTAN KS CLIMATE SUMMARY FOR APRIL 26 2015...

CLIMATE NORMAL PERIOD 1981 TO 2010
CLIMATE RECORD PERIOD 9999 TO 9999


WEATHER ITEM   OBSERVED NORMAL DEPARTURE LAST
                VALUE   VALUE  FROM      YEAR
                               NORMAL
...............................................
TEMPERATURE (F)
 YESTERDAY
  MAXIMUM         60     70    -10       83
  MINIMUM         45     45      0       57
  AVERAGE         53     57     -4       70

PRECIPITATION (IN)
  YESTERDAY        0.00   0.12  -0.12     0.00
  MONTH TO DATE    2.52   2.24   0.28     1.56
  SINCE MAR 1      2.78   4.44  -1.66     2.09
  SINCE JAN 1      4.24   6.16  -1.92     3.31

DEGREE DAYS
 HEATING
  YESTERDAY       12      8      4        0
  MONTH TO DATE  206    315   -109      295
  SINCE MAR 1    787    991   -204     1045
  SINCE JUL 1   4981   5151   -170     5576

 COOLING
  YESTERDAY        0      1     -1        5
  MONTH TO DATE    6     15     -9       27
  SINCE MAR 1      8     17     -9       27
  SINCE JAN 1      8     17     -9       27
...............................................


WIND (MPH)
  HIGHEST WIND SPEED    18   HIGHEST WIND DIRECTION    NE (50)
  HIGHEST GUST SPEED    24   HIGHEST GUST DIRECTION    NE (60)
  AVERAGE WIND SPEED    11.4


SKY COVER
  AVERAGE SKY COVER 0.7


WEATHER CONDITIONS
 THE FOLLOWING WEATHER WAS RECORDED YESTERDAY.
  FOG
  HAZE


RELATIVE HUMIDITY (PERCENT)
 HIGHEST    93
 LOWEST     55
 AVERAGE    74

..........................................................


THE MANHATTAN KS CLIMATE NORMALS FOR TODAY
                         NORMAL
 MAXIMUM TEMPERATURE (F)   70
 MINIMUM TEMPERATURE (F)   45


SUNRISE AND SUNSET
APRIL 27 2015.........SUNRISE   634 AM CDT   SUNSET   816 PM CDT
APRIL 28 2015.........SUNRISE   632 AM CDT   SUNSET   817 PM CDT


-  INDICATES NEGATIVE NUMBERS.
R  INDICATES RECORD WAS SET OR TIED.
MM INDICATES DATA IS MISSING.
T  INDICATES TRACE AMOUNT.




$$
