000
CDUS46 KMFR 050836
CLIMHS


CLIMATE REPORT
NATIONAL WEATHER SERVICE MEDFORD, OR
136 AM PDT TUE MAY 5 2015


...................................

...THE MT SHASTA CITY CA CLIMATE SUMMARY FOR MAY 4 2015...

CLIMATE NORMAL PERIOD 1981 TO 2010
CLIMATE RECORD PERIOD 1908 TO 2015


WEATHER ITEM   OBSERVED TIME   RECORD YEAR NORMAL DEPARTURE LAST
                VALUE   (LST)  VALUE       VALUE  FROM      YEAR
                                                  NORMAL
..................................................................
TEMPERATURE (F)
 YESTERDAY
  MAXIMUM         79    111 PM  86    1992  66     13       63
  MINIMUM         43    536 AM  25    1999  37      6       40
  AVERAGE         61                        51     10       52

PRECIPITATION (IN)
  YESTERDAY        0.00          1.09 2009   0.07  -0.07     0.00
  MONTH TO DATE    0.00                      0.29  -0.29     0.00
  SINCE OCT 1     32.91                     38.68  -5.77    12.46
  SINCE JAN 1     13.39                     23.47 -10.08    11.35

SNOWFALL (IN)
  YESTERDAY       MM                         0.0   MM       MM
  MONTH TO DATE   MM                         0.1   MM       MM
  SINCE JUL 1     MM                        91.6   MM        0.0
  SNOW DEPTH      MM

DEGREE DAYS
 HEATING
  YESTERDAY        4                        14    -10       13
  MONTH TO DATE   18                        56    -38       27
  SINCE MAR 1    972                      1296   -324     1050
  SINCE JUL 1   3938                      5271  -1333     4666

 COOLING
  YESTERDAY        0                         0      0        0
  MONTH TO DATE    0                         0      0        0
  SINCE MAR 1      0                         0      0        1
  SINCE JAN 1      0                         0      0        1
..................................................................


WIND (MPH)
  HIGHEST WIND SPEED     9   HIGHEST WIND DIRECTION     N (340)
  HIGHEST GUST SPEED    17   HIGHEST GUST DIRECTION     N (350)
  AVERAGE WIND SPEED     1.8


SKY COVER
  POSSIBLE SUNSHINE  MM
  AVERAGE SKY COVER 0.2


WEATHER CONDITIONS
 THE FOLLOWING WEATHER WAS RECORDED YESTERDAY.
  NO SIGNIFICANT WEATHER WAS OBSERVED.


RELATIVE HUMIDITY (PERCENT)
 HIGHEST    86           300 AM
 LOWEST     23          1200 PM

..........................................................


THE MT SHASTA CITY CA CLIMATE NORMALS FOR TODAY
                         NORMAL    RECORD    YEAR
 MAXIMUM TEMPERATURE (F)   66        88      1992
 MINIMUM TEMPERATURE (F)   37        27      1978


SUNRISE AND SUNSET
MAY  5 2015...........SUNRISE   602 AM PDT   SUNSET   811 PM PDT
MAY  6 2015...........SUNRISE   601 AM PDT   SUNSET   812 PM PDT


-  INDICATES NEGATIVE NUMBERS.
R  INDICATES RECORD WAS SET OR TIED.
MM INDICATES DATA IS MISSING.
T  INDICATES TRACE AMOUNT.




$$
