000
CDUS43 KMKX 060058
CLIMKE


CLIMATE REPORT
NATIONAL WEATHER SERVICE IN MILWAUKEE
758 PM CDT TUE MAY 5 2015


...................................

...THE MILWAUKEE WI CLIMATE SUMMARY FOR MAY 5 2015...
VALID TODAY AS OF 0700 PM LOCAL TIME.

CLIMATE NORMAL PERIOD 1981 TO 2010
CLIMATE RECORD PERIOD 1871 TO 2015


WEATHER ITEM   OBSERVED TIME   RECORD YEAR NORMAL DEPARTURE LAST
                VALUE   (LST)  VALUE       VALUE  FROM      YEAR
                                                  NORMAL
..................................................................
TEMPERATURE (F)
 TODAY
  MAXIMUM         53    144 AM  89    1949  61     -8       45
  MINIMUM         44    615 AM  30    1973  43      1       39
  AVERAGE         49                        52     -3       42

PRECIPITATION (IN)
  TODAY            0.44          2.02 1976   0.10   0.34     0.00
  MONTH TO DATE    0.44                      0.53  -0.09     0.03
  SINCE MAR 1      6.49                      6.36   0.13     5.41
  SINCE JAN 1      8.21                      9.77  -1.56     8.15

SNOWFALL (IN)
  TODAY            0.0           0.5  1893   0.0    0.0      0.0
  MONTH TO DATE    0.0                       0.0    0.0      0.0
  SINCE MAR 1      4.9                       9.0   -4.1      6.6
  SINCE JUL 1     43.0                      46.8   -3.8     63.4
  SNOW DEPTH       0

DEGREE DAYS
 HEATING
  TODAY           16                        13      3       23
  MONTH TO DATE   38                        68    -30       85
  SINCE MAR 1   1537                      1585    -48     1819
  SINCE JUL 1   6869                      6565    304     7475

 COOLING
  TODAY            0                         0      0        0
  MONTH TO DATE    4                         0      4        0
  SINCE MAR 1      4                         5     -1        0
  SINCE JAN 1      4                         5     -1        0
..................................................................


WIND (MPH)
  HIGHEST WIND SPEED    15   HIGHEST WIND DIRECTION    NE (50)
  HIGHEST GUST SPEED    21   HIGHEST GUST DIRECTION    NE (50)
  AVERAGE WIND SPEED     9.7


SKY COVER
  POSSIBLE SUNSHINE  MM
  AVERAGE SKY COVER 1.0


WEATHER CONDITIONS
 THE FOLLOWING WEATHER WAS RECORDED TODAY.
  LIGHT RAIN
  FOG


RELATIVE HUMIDITY (PERCENT)
 HIGHEST    93          1100 AM
 LOWEST     50          1200 AM
 AVERAGE    72

..........................................................


THE MILWAUKEE WI CLIMATE NORMALS FOR TOMORROW
                         NORMAL    RECORD    YEAR
 MAXIMUM TEMPERATURE (F)   62        91      1934
 MINIMUM TEMPERATURE (F)   44        28      1967


SUNRISE AND SUNSET
MAY  5 2015...........SUNRISE   541 AM CDT   SUNSET   757 PM CDT
MAY  6 2015...........SUNRISE   539 AM CDT   SUNSET   758 PM CDT


-  INDICATES NEGATIVE NUMBERS.
R  INDICATES RECORD WAS SET OR TIED.
MM INDICATES DATA IS MISSING.
T  INDICATES TRACE AMOUNT.




$$
