000
CDUS43 KDVN 040915
CLIMLI


CLIMATE REPORT
NATIONAL WEATHER SERVICE QUAD CITIES IA IL
413 AM CDT MON MAY 4 2015


...................................

...THE MOLINE IL CLIMATE SUMMARY FOR MAY 3 2015...

CLIMATE NORMAL PERIOD 1981 TO 2010
CLIMATE RECORD PERIOD 1872 TO 2015


WEATHER ITEM   OBSERVED TIME   RECORD YEAR NORMAL DEPARTURE LAST
                VALUE   (LST)  VALUE       VALUE  FROM      YEAR
                                                  NORMAL
..................................................................
TEMPERATURE (F)
 YESTERDAY
  MAXIMUM         83    511 PM  89    1949  69     14       71
                                      1938
  MINIMUM         57    517 AM  25    2005  47     10       44
  AVERAGE         70                        58     12       58

PRECIPITATION (IN)
  YESTERDAY        0.20          2.05 1919   0.13   0.07     0.00
  MONTH TO DATE    0.21                      0.39  -0.18     0.03
  SINCE MAR 1      2.58                      6.84  -4.26     4.71
  SINCE JAN 1      5.51                      9.93  -4.42     8.73

SNOWFALL (IN)
  YESTERDAY        0.0          MM      MM   0.0    0.0      0.0
  MONTH TO DATE    0.0                       0.0    0.0      0.0
  SINCE MAR 1      0.1                       4.9   -4.8     10.3
  SINCE JUL 1     39.1                      31.6    7.5     65.1
  SNOW DEPTH       0

DEGREE DAYS
 HEATING
  YESTERDAY        0                         8     -8        7
  MONTH TO DATE   18                        25     -7       37
  SINCE MAR 1   1231                      1250    -19     1518
  SINCE JUL 1   6489                      6048    441     7188

 COOLING
  YESTERDAY        5                         1      4        0
  MONTH TO DATE    5                         3      2        0
  SINCE MAR 1      5                        17    -12        5
  SINCE JAN 1      5                        17    -12        5
..................................................................


WIND (MPH)
  HIGHEST WIND SPEED    25   HIGHEST WIND DIRECTION    NW (310)
  HIGHEST GUST SPEED    33   HIGHEST GUST DIRECTION    NW (310)
  AVERAGE WIND SPEED    10.1


SKY COVER
  POSSIBLE SUNSHINE  MM
  AVERAGE SKY COVER 0.5


WEATHER CONDITIONS
 THE FOLLOWING WEATHER WAS RECORDED YESTERDAY.
  THUNDERSTORM
  HEAVY RAIN
  RAIN
  LIGHT RAIN
  FOG


RELATIVE HUMIDITY (PERCENT)
 HIGHEST    75           700 AM
 LOWEST     39           500 PM
 AVERAGE    57

..........................................................


THE MOLINE IL CLIMATE NORMALS FOR TODAY
                         NORMAL    RECORD    YEAR
 MAXIMUM TEMPERATURE (F)   69        93      1952
 MINIMUM TEMPERATURE (F)   47        28      2005


SUNRISE AND SUNSET
MAY  4 2015...........SUNRISE   556 AM CDT   SUNSET   803 PM CDT
MAY  5 2015...........SUNRISE   554 AM CDT   SUNSET   804 PM CDT


-  INDICATES NEGATIVE NUMBERS.
R  INDICATES RECORD WAS SET OR TIED.
MM INDICATES DATA IS MISSING.
T  INDICATES TRACE AMOUNT.




$$
