000
CDUS41 KCAR 260558
CLIMLT


CLIMATE REPORT
NATIONAL WEATHER SERVICE CARIBOU, ME
156 AM EDT SUN APR 26 2015


...................................

...THE MILLINOCKET ME CLIMATE SUMMARY FOR APRIL 25 2015...

CLIMATE NORMAL PERIOD 1981 TO 2010
CLIMATE RECORD PERIOD 1903 TO 2015


WEATHER ITEM   OBSERVED TIME   RECORD YEAR NORMAL DEPARTURE LAST
                VALUE   (LST)  VALUE       VALUE  FROM      YEAR
                                                  NORMAL
..................................................................
TEMPERATURE (F)
 YESTERDAY
  MAXIMUM         49    459 PM  87    1913  56     -7       54
  MINIMUM         33    352 AM  18    1914  35     -2       30
  AVERAGE         41                        46     -5       42

PRECIPITATION (IN)
  YESTERDAY        T             2.30 1983   0.12  -0.12     0.00
  MONTH TO DATE    1.75                      3.02  -1.27     2.42
  SINCE MAR 1      3.54                      6.08  -2.54     5.02
  SINCE JAN 1      6.77                     11.19  -4.42    10.21

SNOWFALL (IN)
  YESTERDAY       MM            MM      MM  MM     MM       MM
  MONTH TO DATE   MM                        MM     MM       MM
  SINCE MAR 1     MM                        MM     MM       MM
  SINCE JUL 1     MM                        MM     MM       MM
  SNOW DEPTH      MM

DEGREE DAYS
 HEATING
  YESTERDAY       24                        19      5       23
  MONTH TO DATE  657                       631     26      621
  SINCE MAR 1   1914                      1778    136     1999
  SINCE JUL 1   7959                      7830    129     8037

 COOLING
  YESTERDAY        0                         0      0        0
  MONTH TO DATE    0                         0      0        0
  SINCE MAR 1      0                         0      0        0
  SINCE JAN 1      0                         0      0        0
..................................................................


WIND (MPH)
  HIGHEST WIND SPEED    13   HIGHEST WIND DIRECTION     N (20)
  HIGHEST GUST SPEED    19   HIGHEST GUST DIRECTION     N (350)
  AVERAGE WIND SPEED     5.6


SKY COVER
  POSSIBLE SUNSHINE  MM
  AVERAGE SKY COVER 0.9


WEATHER CONDITIONS
 THE FOLLOWING WEATHER WAS RECORDED YESTERDAY.
  LIGHT RAIN


RELATIVE HUMIDITY (PERCENT)
 HIGHEST    82           200 AM
 LOWEST     42           500 PM
 AVERAGE    62

..........................................................


THE MILLINOCKET ME CLIMATE NORMALS FOR TODAY
                         NORMAL    RECORD    YEAR
 MAXIMUM TEMPERATURE (F)   57        84      1913
 MINIMUM TEMPERATURE (F)   36        19      1919


SUNRISE AND SUNSET
APRIL 26 2015.........SUNRISE   531 AM EDT   SUNSET   735 PM EDT
APRIL 27 2015.........SUNRISE   529 AM EDT   SUNSET   736 PM EDT


-  INDICATES NEGATIVE NUMBERS.
R  INDICATES RECORD WAS SET OR TIED.
MM INDICATES DATA IS MISSING.
T  INDICATES TRACE AMOUNT.




$$
